{"id":988485,"date":"2022-09-29T11:04:31","date_gmt":"2022-09-29T08:04:31","guid":{"rendered":"https:\/\/wp.adisoft.lt\/vtdko\/?page_id=988485"},"modified":"2022-12-16T21:28:38","modified_gmt":"2022-12-16T18:28:38","slug":"nuolatiniai-tvarkarasciai","status":"publish","type":"page","link":"https:\/\/wp.adisoft.lt\/vtdko\/dizaino-fakultetas\/nuolatiniai-tvarkarasciai\/","title":{"rendered":"Dizaino fakulteto nuolatiniai tvarkaras\u010diai"},"content":{"rendered":"\t\t<div data-elementor-type=\"wp-page\" data-elementor-id=\"988485\" class=\"elementor elementor-988485\">\n\t\t\t\t\t\t\t\t\t<section class=\"elementor-section elementor-top-section elementor-element elementor-element-724caa3 elementor-section-height-min-height elementor-section-boxed elementor-section-height-default elementor-section-items-middle\" data-id=\"724caa3\" data-element_type=\"section\" data-settings=\"{&quot;background_background&quot;:&quot;classic&quot;,&quot;animation&quot;:&quot;none&quot;}\">\n\t\t\t\t\t\t<div class=\"elementor-container elementor-column-gap-default\">\n\t\t\t\t\t<div class=\"elementor-column elementor-col-100 elementor-top-column elementor-element elementor-element-56e22e3\" data-id=\"56e22e3\" data-element_type=\"column\" data-settings=\"{&quot;background_background&quot;:&quot;classic&quot;}\">\n\t\t\t<div class=\"elementor-widget-wrap\">\n\t\t\t\t\t\t\t\t\t<\/div>\n\t\t<\/div>\n\t\t\t\t\t\t\t<\/div>\n\t\t<\/section>\n\t\t\t\t<section class=\"elementor-section elementor-top-section elementor-element elementor-element-25b4f04 elementor-section-boxed elementor-section-height-default elementor-section-height-default\" data-id=\"25b4f04\" data-element_type=\"section\" data-settings=\"{&quot;animation&quot;:&quot;none&quot;,&quot;animation_tablet&quot;:&quot;none&quot;,&quot;animation_mobile&quot;:&quot;none&quot;}\">\n\t\t\t\t\t\t<div class=\"elementor-container elementor-column-gap-no\">\n\t\t\t\t\t<div class=\"elementor-column elementor-col-50 elementor-top-column elementor-element elementor-element-2e2af8b animated-fast elementor-invisible\" data-id=\"2e2af8b\" data-element_type=\"column\" data-settings=\"{&quot;background_background&quot;:&quot;classic&quot;,&quot;animation&quot;:&quot;fadeIn&quot;,&quot;animation_delay&quot;:100}\">\n\t\t\t<div class=\"elementor-widget-wrap elementor-element-populated\">\n\t\t\t\t\t\t\t\t<div class=\"elementor-element elementor-element-22d5705 elementor-widget__width-auto elementor-widget-tablet__width-auto elementor-widget-mobile__width-inherit elementor-widget elementor-widget-heading\" data-id=\"22d5705\" data-element_type=\"widget\" data-settings=\"{&quot;_animation&quot;:&quot;none&quot;,&quot;_animation_delay&quot;:200}\" data-widget_type=\"heading.heading_charityfy\">\n\t\t\t\t<div class=\"elementor-widget-container\">\n\t\t\t<h1 class=\"elementor-heading-title elementor-size-default\">Nuolatini\u0173 studij\u0173 tvarkara\u0161\u010diai<\/h1>\t\t<\/div>\n\t\t\t\t<\/div>\n\t\t\t\t<div class=\"elementor-element elementor-element-cd8c998 elementor-widget elementor-widget-text-editor\" data-id=\"cd8c998\" data-element_type=\"widget\" data-settings=\"{&quot;_animation&quot;:&quot;none&quot;,&quot;_animation_delay&quot;:300}\" data-widget_type=\"text-editor.default\">\n\t\t\t\t<div class=\"elementor-widget-container\">\n\t\t\t\t\t\t\t<p>Vilniaus technologij\u0173 ir dizaino kolegija \u2013 \u010dia hobis virsta profesija!<\/p>\t\t\t\t\t\t<\/div>\n\t\t\t\t<\/div>\n\t\t\t\t\t<\/div>\n\t\t<\/div>\n\t\t\t\t<div class=\"elementor-column elementor-col-50 elementor-top-column elementor-element elementor-element-958cb4f elementor-hidden-desktop elementor-hidden-tablet elementor-hidden-phone\" data-id=\"958cb4f\" data-element_type=\"column\">\n\t\t\t<div class=\"elementor-widget-wrap\">\n\t\t\t\t\t\t\t\t\t<\/div>\n\t\t<\/div>\n\t\t\t\t\t\t\t<\/div>\n\t\t<\/section>\n\t\t\t\t<section class=\"elementor-section elementor-top-section elementor-element elementor-element-8f37da3 elementor-section-boxed elementor-section-height-default elementor-section-height-default\" data-id=\"8f37da3\" data-element_type=\"section\">\n\t\t\t\t\t\t<div class=\"elementor-container elementor-column-gap-default\">\n\t\t\t\t\t<div class=\"elementor-column elementor-col-100 elementor-top-column elementor-element elementor-element-076b17f\" data-id=\"076b17f\" data-element_type=\"column\">\n\t\t\t<div class=\"elementor-widget-wrap elementor-element-populated\">\n\t\t\t\t\t\t\t\t<div class=\"elementor-element elementor-element-4ba1fd3 elementor-widget elementor-widget-spacer\" data-id=\"4ba1fd3\" data-element_type=\"widget\" data-widget_type=\"spacer.default\">\n\t\t\t\t<div class=\"elementor-widget-container\">\n\t\t\t\t\t<div class=\"elementor-spacer\">\n\t\t\t<div class=\"elementor-spacer-inner\"><\/div>\n\t\t<\/div>\n\t\t\t\t<\/div>\n\t\t\t\t<\/div>\n\t\t\t\t<div class=\"elementor-element elementor-element-b5ff5f2 elementor-widget elementor-widget-text-editor\" data-id=\"b5ff5f2\" data-element_type=\"widget\" data-widget_type=\"text-editor.default\">\n\t\t\t\t<div class=\"elementor-widget-container\">\n\t\t\t\t\t\t\t<p>2021\u20132022 s. m. pavasario semestro\u00a0<a href=\"https:\/\/wp.adisoft.lt\/vtdko\/wp-content\/uploads\/2022\/09\/2021-2022_s_m_pavasario_sem_skolu_likvidavimo_terminai___.pdf\" target=\"_blank\" rel=\"noopener\">akademini\u0173 skol\u0173 likvidavimo terminai<\/a>\u00a0(II-III kursai )<\/p><p>2022-2023 s. m. rudens semestro student\u0173 konsultavimo grafikas<\/p><p>2022\u20132023 s. m. rudens semestro skol\u0173\u00a0likvidavimo terminai<\/p><p>2022\u20132023 s. m.\u00a0baigiam\u0173j\u0173 darb\u0173 gynimo grafikas<\/p><p>\u00a0<\/p><p><strong>Paskait\u0173 tvarkara\u0161\u010diai:<\/strong><\/p><table class=\"table\"><tbody><tr><td>I\u00a0 kursas<\/td><td><p><a href=\"https:\/\/wp.adisoft.lt\/vtdko\/wp-content\/uploads\/2022\/09\/DF_I_ruduo_22-23_9.17.xls\" target=\"_blank\" rel=\"noopener\">DD22D-1, DD22D-2, DN22D-1, DM22D-1, DF22D-1\u00a0<\/a><\/p><\/td><\/tr><tr><td>II kursas<\/td><td><p><a href=\"https:\/\/wp.adisoft.lt\/vtdko\/wp-content\/uploads\/2022\/09\/DF_II_ruduo_22-23_9.20.xls\" target=\"_blank\" rel=\"noopener\">DD21D-1, DD21D-2, DN21D-1, DM21D-1, DF21D-1<\/a>\u00a0<\/p><p>Grup\u0117ms \u0161. m. rugs\u0117jo 5 d. &#8211; spalio 2 d. vyks praktikos:<\/p><p>DD21D-1 ir DD21D-2 gr.\u00a0vyks ikispaustuvinio proceso praktika 1.<\/p><p>DN21D-1 gr. vyks k\u016brybin\u0117s dirbtuv\u0117s.<\/p><p>DM21D-1 gr. vyks k\u016brybin\u0117 praktika 1.\u00a0<\/p><p>DF21D-1 gr. vyks\u00a0k\u016brybin\u0117 praktika.<\/p><\/td><\/tr><tr><td>III kursas<\/td><td><p><a href=\"https:\/\/wp.adisoft.lt\/vtdko\/wp-content\/uploads\/2022\/09\/DF_III_ruduo_22-23_9.20.xlsx\" target=\"_blank\" rel=\"noopener\">DD20D-1, DD20D-2, DN20D-1, DM20D-1, DF20D-1\u00a0<\/a><\/p><\/td><\/tr><\/tbody><\/table><p>\u00a0<\/p><p><strong>Egzamin\u0173 tvarkara\u0161\u010diai:<\/strong><\/p><table class=\"table\"><tbody><tr><td>I\u00a0 kursas<\/td><td><p>DD22D-1, DD22D-2, DN22D-1, DM22D-1, DF22D-1<\/p><\/td><\/tr><tr><td>II kursas<\/td><td><p>DD21D-1, DD21D-2, DN21D-1, DM21D-1, DF21D-1<\/p><\/td><\/tr><tr><td>III kursas<\/td><td><p>DD20D-1, DD20D-2, DN20D-1, DM20D-1, DF20D-1<\/p><\/td><\/tr><\/tbody><\/table><p>\u00a0<\/p><p><strong>Informacij\u0105 d\u0117l tvarkara\u0161\u010di\u0173 teikia:<\/strong><\/p><p><strong>Jovita \u010ci\u010dinskien\u0117<\/strong><br \/>Studij\u0173 koordinator\u0117<br \/>Telefonas: <a href=\"tel:+37064052921\">8 640 52 921<\/a><br \/>Kabinetas: 306<br \/><a href=\"mailto:j.cicinskiene@vtdko.lt\">j.cicinskiene@vtdko.lt<\/a><\/p>\t\t\t\t\t\t<\/div>\n\t\t\t\t<\/div>\n\t\t\t\t\t<\/div>\n\t\t<\/div>\n\t\t\t\t\t\t\t<\/div>\n\t\t<\/section>\n\t\t\t\t<section class=\"elementor-section elementor-top-section elementor-element elementor-element-37cf60d elementor-section-boxed elementor-section-height-default elementor-section-height-default\" data-id=\"37cf60d\" data-element_type=\"section\">\n\t\t\t\t\t\t<div class=\"elementor-container elementor-column-gap-default\">\n\t\t\t\t\t<div class=\"elementor-column elementor-col-100 elementor-top-column elementor-element elementor-element-123fa9a\" data-id=\"123fa9a\" data-element_type=\"column\">\n\t\t\t<div class=\"elementor-widget-wrap elementor-element-populated\">\n\t\t\t\t\t\t\t\t<div class=\"elementor-element elementor-element-72d5bf6 elementor-widget elementor-widget-spacer\" data-id=\"72d5bf6\" data-element_type=\"widget\" data-widget_type=\"spacer.default\">\n\t\t\t\t<div class=\"elementor-widget-container\">\n\t\t\t\t\t<div class=\"elementor-spacer\">\n\t\t\t<div class=\"elementor-spacer-inner\"><\/div>\n\t\t<\/div>\n\t\t\t\t<\/div>\n\t\t\t\t<\/div>\n\t\t\t\t\t<\/div>\n\t\t<\/div>\n\t\t\t\t\t\t\t<\/div>\n\t\t<\/section>\n\t\t\t\t\t\t\t<\/div>\n\t\t","protected":false},"excerpt":{"rendered":"<p>Nuolatini\u0173 studij\u0173 tvarkara\u0161\u010diai Vilniaus technologij\u0173 ir dizaino kolegija \u2013 \u010dia hobis virsta profesija! 2021\u20132022 s. m. pavasario semestro\u00a0akademini\u0173 skol\u0173 likvidavimo terminai\u00a0(II-III kursai ) 2022-2023 s. m. rudens semestro student\u0173 konsultavimo grafikas 2022\u20132023 s. m. rudens semestro skol\u0173\u00a0likvidavimo terminai 2022\u20132023 s. m.\u00a0baigiam\u0173j\u0173 darb\u0173 gynimo grafikas \u00a0 Paskait\u0173 tvarkara\u0161\u010diai: I\u00a0 kursas DD22D-1, DD22D-2, DN22D-1, DM22D-1, DF22D-1\u00a0 II&#8230;<\/p>\n","protected":false},"author":1,"featured_media":0,"parent":13299,"menu_order":0,"comment_status":"closed","ping_status":"closed","template":"","meta":{"inline_featured_image":false,"footnotes":""},"class_list":["post-988485","page","type-page","status-publish","hentry"],"yoast_head":"<!-- This site is optimized with the Yoast SEO plugin v19.12 - https:\/\/yoast.com\/wordpress\/plugins\/seo\/ -->\n<title>Dizaino fakulteto nuolatiniai tvarkaras\u010diai - vtdko<\/title>\n<meta name=\"robots\" content=\"noindex, follow, max-snippet:-1, max-image-preview:large, max-video-preview:-1\" \/>\n<meta property=\"og:locale\" content=\"lt_LT\" \/>\n<meta property=\"og:type\" content=\"article\" \/>\n<meta property=\"og:title\" content=\"Dizaino fakulteto nuolatiniai tvarkaras\u010diai - vtdko\" \/>\n<meta property=\"og:description\" content=\"Nuolatini\u0173 studij\u0173 tvarkara\u0161\u010diai Vilniaus technologij\u0173 ir dizaino kolegija \u2013 \u010dia hobis virsta profesija! 2021\u20132022 s. m. pavasario semestro\u00a0akademini\u0173 skol\u0173 likvidavimo terminai\u00a0(II-III kursai ) 2022-2023 s. m. rudens semestro student\u0173 konsultavimo grafikas 2022\u20132023 s. m. rudens semestro skol\u0173\u00a0likvidavimo terminai 2022\u20132023 s. m.\u00a0baigiam\u0173j\u0173 darb\u0173 gynimo grafikas \u00a0 Paskait\u0173 tvarkara\u0161\u010diai: I\u00a0 kursas DD22D-1, DD22D-2, DN22D-1, DM22D-1, DF22D-1\u00a0 II...\" \/>\n<meta property=\"og:url\" content=\"https:\/\/wp.adisoft.lt\/vtdko\/dizaino-fakultetas\/nuolatiniai-tvarkarasciai\/\" \/>\n<meta property=\"og:site_name\" content=\"vtdko\" \/>\n<meta property=\"article:modified_time\" content=\"2022-12-16T18:28:38+00:00\" \/>\n<meta name=\"twitter:card\" content=\"summary_large_image\" \/>\n<meta name=\"twitter:label1\" content=\"Est. reading time\" \/>\n\t<meta name=\"twitter:data1\" content=\"1 minut\u0117\" \/>\n<script type=\"application\/ld+json\" class=\"yoast-schema-graph\">{\"@context\":\"https:\/\/schema.org\",\"@graph\":[{\"@type\":\"WebPage\",\"@id\":\"https:\/\/wp.adisoft.lt\/vtdko\/dizaino-fakultetas\/nuolatiniai-tvarkarasciai\/\",\"url\":\"https:\/\/wp.adisoft.lt\/vtdko\/dizaino-fakultetas\/nuolatiniai-tvarkarasciai\/\",\"name\":\"Dizaino fakulteto nuolatiniai tvarkaras\u010diai - vtdko\",\"isPartOf\":{\"@id\":\"https:\/\/wp.adisoft.lt\/vtdko\/#website\"},\"datePublished\":\"2022-09-29T08:04:31+00:00\",\"dateModified\":\"2022-12-16T18:28:38+00:00\",\"breadcrumb\":{\"@id\":\"https:\/\/wp.adisoft.lt\/vtdko\/dizaino-fakultetas\/nuolatiniai-tvarkarasciai\/#breadcrumb\"},\"inLanguage\":\"lt-LT\",\"potentialAction\":[{\"@type\":\"ReadAction\",\"target\":[\"https:\/\/wp.adisoft.lt\/vtdko\/dizaino-fakultetas\/nuolatiniai-tvarkarasciai\/\"]}]},{\"@type\":\"BreadcrumbList\",\"@id\":\"https:\/\/wp.adisoft.lt\/vtdko\/dizaino-fakultetas\/nuolatiniai-tvarkarasciai\/#breadcrumb\",\"itemListElement\":[{\"@type\":\"ListItem\",\"position\":1,\"name\":\"Pagrindinis\",\"item\":\"https:\/\/wp.adisoft.lt\/vtdko\/\"},{\"@type\":\"ListItem\",\"position\":2,\"name\":\"Dizaino fakultetas\",\"item\":\"https:\/\/wp.adisoft.lt\/vtdko\/dizaino-fakultetas\/\"},{\"@type\":\"ListItem\",\"position\":3,\"name\":\"Dizaino fakulteto nuolatiniai tvarkaras\u010diai\"}]},{\"@type\":\"WebSite\",\"@id\":\"https:\/\/wp.adisoft.lt\/vtdko\/#website\",\"url\":\"https:\/\/wp.adisoft.lt\/vtdko\/\",\"name\":\"vtdko\",\"description\":\"Vilniaus technologij\u0173 ir dizaino kolegija\",\"publisher\":{\"@id\":\"https:\/\/wp.adisoft.lt\/vtdko\/#organization\"},\"potentialAction\":[{\"@type\":\"SearchAction\",\"target\":{\"@type\":\"EntryPoint\",\"urlTemplate\":\"https:\/\/wp.adisoft.lt\/vtdko\/?s={search_term_string}\"},\"query-input\":\"required name=search_term_string\"}],\"inLanguage\":\"lt-LT\"},{\"@type\":\"Organization\",\"@id\":\"https:\/\/wp.adisoft.lt\/vtdko\/#organization\",\"name\":\"vtdko\",\"url\":\"https:\/\/wp.adisoft.lt\/vtdko\/\",\"logo\":{\"@type\":\"ImageObject\",\"inLanguage\":\"lt-LT\",\"@id\":\"https:\/\/wp.adisoft.lt\/vtdko\/#\/schema\/logo\/image\/\",\"url\":\"https:\/\/wp.adisoft.lt\/vtdko\/wp-content\/uploads\/2020\/02\/Logo-su-tekstu-01.svg\",\"contentUrl\":\"https:\/\/wp.adisoft.lt\/vtdko\/wp-content\/uploads\/2020\/02\/Logo-su-tekstu-01.svg\",\"width\":151,\"height\":74,\"caption\":\"vtdko\"},\"image\":{\"@id\":\"https:\/\/wp.adisoft.lt\/vtdko\/#\/schema\/logo\/image\/\"}}]}<\/script>\n<!-- \/ Yoast SEO plugin. -->","yoast_head_json":{"title":"Dizaino fakulteto nuolatiniai tvarkaras\u010diai - vtdko","robots":{"index":"noindex","follow":"follow","max-snippet":"max-snippet:-1","max-image-preview":"max-image-preview:large","max-video-preview":"max-video-preview:-1"},"og_locale":"lt_LT","og_type":"article","og_title":"Dizaino fakulteto nuolatiniai tvarkaras\u010diai - vtdko","og_description":"Nuolatini\u0173 studij\u0173 tvarkara\u0161\u010diai Vilniaus technologij\u0173 ir dizaino kolegija \u2013 \u010dia hobis virsta profesija! 2021\u20132022 s. m. pavasario semestro\u00a0akademini\u0173 skol\u0173 likvidavimo terminai\u00a0(II-III kursai ) 2022-2023 s. m. rudens semestro student\u0173 konsultavimo grafikas 2022\u20132023 s. m. rudens semestro skol\u0173\u00a0likvidavimo terminai 2022\u20132023 s. m.\u00a0baigiam\u0173j\u0173 darb\u0173 gynimo grafikas \u00a0 Paskait\u0173 tvarkara\u0161\u010diai: I\u00a0 kursas DD22D-1, DD22D-2, DN22D-1, DM22D-1, DF22D-1\u00a0 II...","og_url":"https:\/\/wp.adisoft.lt\/vtdko\/dizaino-fakultetas\/nuolatiniai-tvarkarasciai\/","og_site_name":"vtdko","article_modified_time":"2022-12-16T18:28:38+00:00","twitter_card":"summary_large_image","twitter_misc":{"Est. reading time":"1 minut\u0117"},"schema":{"@context":"https:\/\/schema.org","@graph":[{"@type":"WebPage","@id":"https:\/\/wp.adisoft.lt\/vtdko\/dizaino-fakultetas\/nuolatiniai-tvarkarasciai\/","url":"https:\/\/wp.adisoft.lt\/vtdko\/dizaino-fakultetas\/nuolatiniai-tvarkarasciai\/","name":"Dizaino fakulteto nuolatiniai tvarkaras\u010diai - vtdko","isPartOf":{"@id":"https:\/\/wp.adisoft.lt\/vtdko\/#website"},"datePublished":"2022-09-29T08:04:31+00:00","dateModified":"2022-12-16T18:28:38+00:00","breadcrumb":{"@id":"https:\/\/wp.adisoft.lt\/vtdko\/dizaino-fakultetas\/nuolatiniai-tvarkarasciai\/#breadcrumb"},"inLanguage":"lt-LT","potentialAction":[{"@type":"ReadAction","target":["https:\/\/wp.adisoft.lt\/vtdko\/dizaino-fakultetas\/nuolatiniai-tvarkarasciai\/"]}]},{"@type":"BreadcrumbList","@id":"https:\/\/wp.adisoft.lt\/vtdko\/dizaino-fakultetas\/nuolatiniai-tvarkarasciai\/#breadcrumb","itemListElement":[{"@type":"ListItem","position":1,"name":"Pagrindinis","item":"https:\/\/wp.adisoft.lt\/vtdko\/"},{"@type":"ListItem","position":2,"name":"Dizaino fakultetas","item":"https:\/\/wp.adisoft.lt\/vtdko\/dizaino-fakultetas\/"},{"@type":"ListItem","position":3,"name":"Dizaino fakulteto nuolatiniai tvarkaras\u010diai"}]},{"@type":"WebSite","@id":"https:\/\/wp.adisoft.lt\/vtdko\/#website","url":"https:\/\/wp.adisoft.lt\/vtdko\/","name":"vtdko","description":"Vilniaus technologij\u0173 ir dizaino kolegija","publisher":{"@id":"https:\/\/wp.adisoft.lt\/vtdko\/#organization"},"potentialAction":[{"@type":"SearchAction","target":{"@type":"EntryPoint","urlTemplate":"https:\/\/wp.adisoft.lt\/vtdko\/?s={search_term_string}"},"query-input":"required name=search_term_string"}],"inLanguage":"lt-LT"},{"@type":"Organization","@id":"https:\/\/wp.adisoft.lt\/vtdko\/#organization","name":"vtdko","url":"https:\/\/wp.adisoft.lt\/vtdko\/","logo":{"@type":"ImageObject","inLanguage":"lt-LT","@id":"https:\/\/wp.adisoft.lt\/vtdko\/#\/schema\/logo\/image\/","url":"https:\/\/wp.adisoft.lt\/vtdko\/wp-content\/uploads\/2020\/02\/Logo-su-tekstu-01.svg","contentUrl":"https:\/\/wp.adisoft.lt\/vtdko\/wp-content\/uploads\/2020\/02\/Logo-su-tekstu-01.svg","width":151,"height":74,"caption":"vtdko"},"image":{"@id":"https:\/\/wp.adisoft.lt\/vtdko\/#\/schema\/logo\/image\/"}}]}},"_links":{"self":[{"href":"https:\/\/wp.adisoft.lt\/vtdko\/wp-json\/wp\/v2\/pages\/988485","targetHints":{"allow":["GET"]}}],"collection":[{"href":"https:\/\/wp.adisoft.lt\/vtdko\/wp-json\/wp\/v2\/pages"}],"about":[{"href":"https:\/\/wp.adisoft.lt\/vtdko\/wp-json\/wp\/v2\/types\/page"}],"author":[{"embeddable":true,"href":"https:\/\/wp.adisoft.lt\/vtdko\/wp-json\/wp\/v2\/users\/1"}],"replies":[{"embeddable":true,"href":"https:\/\/wp.adisoft.lt\/vtdko\/wp-json\/wp\/v2\/comments?post=988485"}],"version-history":[{"count":19,"href":"https:\/\/wp.adisoft.lt\/vtdko\/wp-json\/wp\/v2\/pages\/988485\/revisions"}],"predecessor-version":[{"id":993224,"href":"https:\/\/wp.adisoft.lt\/vtdko\/wp-json\/wp\/v2\/pages\/988485\/revisions\/993224"}],"up":[{"embeddable":true,"href":"https:\/\/wp.adisoft.lt\/vtdko\/wp-json\/wp\/v2\/pages\/13299"}],"wp:attachment":[{"href":"https:\/\/wp.adisoft.lt\/vtdko\/wp-json\/wp\/v2\/media?parent=988485"}],"curies":[{"name":"wp","href":"https:\/\/api.w.org\/{rel}","templated":true}]}}