{"id":988965,"date":"2022-10-04T14:05:47","date_gmt":"2022-10-04T11:05:47","guid":{"rendered":"https:\/\/wp.adisoft.lt\/vtdko\/?page_id=988965"},"modified":"2023-02-07T09:39:35","modified_gmt":"2023-02-07T06:39:35","slug":"kokybes-uztikrinimas","status":"publish","type":"page","link":"https:\/\/wp.adisoft.lt\/vtdko\/kokybes-uztikrinimas\/","title":{"rendered":"Kokyb\u0117s u\u017etikrinimas"},"content":{"rendered":"\t\t<div data-elementor-type=\"wp-page\" data-elementor-id=\"988965\" class=\"elementor elementor-988965\">\n\t\t\t\t\t\t\t\t\t<section class=\"elementor-section elementor-top-section elementor-element elementor-element-9366ed2 elementor-section-height-min-height elementor-section-boxed elementor-section-height-default elementor-section-items-middle\" data-id=\"9366ed2\" data-element_type=\"section\" data-settings=\"{&quot;background_background&quot;:&quot;classic&quot;,&quot;animation&quot;:&quot;none&quot;}\">\n\t\t\t\t\t\t<div class=\"elementor-container elementor-column-gap-default\">\n\t\t\t\t\t<div class=\"elementor-column elementor-col-100 elementor-top-column elementor-element elementor-element-07ad6cc\" data-id=\"07ad6cc\" data-element_type=\"column\" data-settings=\"{&quot;background_background&quot;:&quot;classic&quot;}\">\n\t\t\t<div class=\"elementor-widget-wrap\">\n\t\t\t\t\t\t\t\t\t<\/div>\n\t\t<\/div>\n\t\t\t\t\t\t\t<\/div>\n\t\t<\/section>\n\t\t\t\t<section class=\"elementor-section elementor-top-section elementor-element elementor-element-fd36c7c elementor-section-boxed elementor-section-height-default elementor-section-height-default\" data-id=\"fd36c7c\" data-element_type=\"section\" data-settings=\"{&quot;animation&quot;:&quot;none&quot;,&quot;animation_tablet&quot;:&quot;none&quot;,&quot;animation_mobile&quot;:&quot;none&quot;}\">\n\t\t\t\t\t\t<div class=\"elementor-container elementor-column-gap-no\">\n\t\t\t\t\t<div class=\"elementor-column elementor-col-50 elementor-top-column elementor-element elementor-element-08219bd animated-fast elementor-invisible\" data-id=\"08219bd\" data-element_type=\"column\" data-settings=\"{&quot;background_background&quot;:&quot;classic&quot;,&quot;animation&quot;:&quot;fadeIn&quot;,&quot;animation_delay&quot;:100}\">\n\t\t\t<div class=\"elementor-widget-wrap elementor-element-populated\">\n\t\t\t\t\t\t\t\t<div class=\"elementor-element elementor-element-e0bb7a2 elementor-widget__width-auto elementor-widget-tablet__width-auto elementor-widget-mobile__width-inherit elementor-widget elementor-widget-heading\" data-id=\"e0bb7a2\" data-element_type=\"widget\" data-settings=\"{&quot;_animation&quot;:&quot;none&quot;,&quot;_animation_delay&quot;:200}\" data-widget_type=\"heading.heading_charityfy\">\n\t\t\t\t<div class=\"elementor-widget-container\">\n\t\t\t<h1 class=\"elementor-heading-title elementor-size-default\">Kokyb\u0117s valdymo sistema<\/h1>\t\t<\/div>\n\t\t\t\t<\/div>\n\t\t\t\t<div class=\"elementor-element elementor-element-85d8ead elementor-widget elementor-widget-text-editor\" data-id=\"85d8ead\" data-element_type=\"widget\" data-settings=\"{&quot;_animation&quot;:&quot;none&quot;,&quot;_animation_delay&quot;:300}\" data-widget_type=\"text-editor.default\">\n\t\t\t\t<div class=\"elementor-widget-container\">\n\t\t\t\t\t\t\t<p>Vilniaus technologij\u0173 ir dizaino kolegija \u2013 \u010dia hobis virsta profesija!<\/p>\t\t\t\t\t\t<\/div>\n\t\t\t\t<\/div>\n\t\t\t\t\t<\/div>\n\t\t<\/div>\n\t\t\t\t<div class=\"elementor-column elementor-col-50 elementor-top-column elementor-element elementor-element-2698848 elementor-hidden-desktop elementor-hidden-tablet elementor-hidden-phone\" data-id=\"2698848\" data-element_type=\"column\">\n\t\t\t<div class=\"elementor-widget-wrap\">\n\t\t\t\t\t\t\t\t\t<\/div>\n\t\t<\/div>\n\t\t\t\t\t\t\t<\/div>\n\t\t<\/section>\n\t\t\t\t<section class=\"elementor-section elementor-top-section elementor-element elementor-element-ac6af6e elementor-section-boxed elementor-section-height-default elementor-section-height-default\" data-id=\"ac6af6e\" data-element_type=\"section\">\n\t\t\t\t\t\t<div class=\"elementor-container elementor-column-gap-default\">\n\t\t\t\t\t<div class=\"elementor-column elementor-col-100 elementor-top-column elementor-element elementor-element-6e34b83\" data-id=\"6e34b83\" data-element_type=\"column\">\n\t\t\t<div class=\"elementor-widget-wrap elementor-element-populated\">\n\t\t\t\t\t\t\t\t<div class=\"elementor-element elementor-element-a3f6c7d elementor-widget elementor-widget-spacer\" data-id=\"a3f6c7d\" data-element_type=\"widget\" data-widget_type=\"spacer.default\">\n\t\t\t\t<div class=\"elementor-widget-container\">\n\t\t\t\t\t<div class=\"elementor-spacer\">\n\t\t\t<div class=\"elementor-spacer-inner\"><\/div>\n\t\t<\/div>\n\t\t\t\t<\/div>\n\t\t\t\t<\/div>\n\t\t\t\t\t<\/div>\n\t\t<\/div>\n\t\t\t\t\t\t\t<\/div>\n\t\t<\/section>\n\t\t\t\t<section class=\"elementor-section elementor-top-section elementor-element elementor-element-1a155f2 elementor-section-boxed elementor-section-height-default elementor-section-height-default\" data-id=\"1a155f2\" data-element_type=\"section\">\n\t\t\t\t\t\t<div class=\"elementor-container elementor-column-gap-default\">\n\t\t\t\t\t<div class=\"elementor-column elementor-col-100 elementor-top-column elementor-element elementor-element-0e7b7c7\" data-id=\"0e7b7c7\" data-element_type=\"column\">\n\t\t\t<div class=\"elementor-widget-wrap elementor-element-populated\">\n\t\t\t\t\t\t\t\t<div class=\"elementor-element elementor-element-f8d52b9 elementor-widget-mobile__width-inherit elementor-widget elementor-widget-text-editor\" data-id=\"f8d52b9\" data-element_type=\"widget\" data-widget_type=\"text-editor.default\">\n\t\t\t\t<div class=\"elementor-widget-container\">\n\t\t\t\t\t\t\t<p><span style=\"font-family: 'Open Sans', sans-serif; font-size: 18px; font-style: normal; font-variant-ligatures: normal; font-variant-caps: normal; font-weight: 400;\">Europos auk\u0161tojo mokslo erdv\u0117s kokyb\u0117s u\u017etikrinimo nuostatos ir gair\u0117s (ESG) yra pamatinis krypt\u012f nurodantis dokumentas, o ESG taikymas Vilniaus technologij\u0173 ir dizaino kolegijos vidiniame studij\u0173 kokyb\u0117s u\u017etikrinime labai svarbus d\u0117l keli\u0173 prie\u017eas\u010di\u0173: padeda valdant studij\u0173 kokyb\u0119 veikti kryptingai, pasitikrinant bei atnaujinant veiklos procesus; ESG nat\u016brali Kolegijos vidin\u0117s kokyb\u0117s u\u017etikrinimo sistemos sudedamoji dalis.<\/span><\/p><p><span style=\"font-family: 'Open Sans', sans-serif; font-size: 18px; font-style: normal; font-variant-ligatures: normal; font-variant-caps: normal; font-weight: 400;\">\u00a0<\/span><\/p>\t\t\t\t\t\t<\/div>\n\t\t\t\t<\/div>\n\t\t\t\t\t<\/div>\n\t\t<\/div>\n\t\t\t\t\t\t\t<\/div>\n\t\t<\/section>\n\t\t\t\t<section class=\"elementor-section elementor-top-section elementor-element elementor-element-b2ab510 elementor-section-boxed elementor-section-height-default elementor-section-height-default\" data-id=\"b2ab510\" data-element_type=\"section\" data-settings=\"{&quot;background_background&quot;:&quot;classic&quot;}\">\n\t\t\t\t\t\t<div class=\"elementor-container elementor-column-gap-default\">\n\t\t\t\t\t<div class=\"elementor-column elementor-col-100 elementor-top-column elementor-element elementor-element-47a9e31\" data-id=\"47a9e31\" data-element_type=\"column\">\n\t\t\t<div class=\"elementor-widget-wrap elementor-element-populated\">\n\t\t\t\t\t\t\t\t<div class=\"elementor-element elementor-element-70445d0 elementor-widget elementor-widget-text-editor\" data-id=\"70445d0\" data-element_type=\"widget\" data-widget_type=\"text-editor.default\">\n\t\t\t\t<div class=\"elementor-widget-container\">\n\t\t\t\t\t\t\t<p>\u00a0<\/p><p><b>\u012egyvendinant kokyb\u0117s vadybos sistemos funkcionavim\u0105 Kolegijos bendruomen\u0117 \u012fsipareigoja:<\/b><\/p><ol><li>U\u017etikrinti tiksling\u0105 specialist\u0173, \u012fgyvendinsian\u010di\u0173 technologij\u0173 ir dizaino inovacijas, rengim\u0105.<\/li><li>Sukurti d\u0117stytoj\u0173 kompetencij\u0173 tobulinimo sistem\u0105.<\/li><li>Optimizuoti ir \u012fveiklinti inovatyvi\u0173 studij\u0173 poreikius atitinkan\u010di\u0105 infrastrukt\u016br\u0105.<\/li><li>Aktualizuoti studij\u0173 program\u0173 turin\u012f ir didaktik\u0105 u\u017etikrinant absolvent\u0173 karjeros perspektyv\u0105.<\/li><li>Optimizuoti studij\u0173 ir mokymo program\u0173 paket\u0105.<\/li><li>U\u017etikrinti student\u0173 akademin\u0117s ir socialin\u0117s raidos s\u0105lygas.<\/li><li>Pl\u0117toti partneryst\u0119 vykdant taikomuosius mokslinius tyrimus, gr\u012fstus verslo ir visuomen\u0117s poreikiais.<\/li><li>Perteikti visuomenei mokslin\u0117s ir inovatyvios praktin\u0117s veiklos rezultatus.<\/li><li>Puosel\u0117ti akademin\u0119 etik\u0105, u\u017etikrinti lygias galimybes.<\/li><\/ol><div>\u00a0<\/div><p>\u00a0<\/p>\t\t\t\t\t\t<\/div>\n\t\t\t\t<\/div>\n\t\t\t\t\t<\/div>\n\t\t<\/div>\n\t\t\t\t\t\t\t<\/div>\n\t\t<\/section>\n\t\t\t\t<section class=\"elementor-section elementor-top-section elementor-element elementor-element-1bedd90 elementor-section-boxed elementor-section-height-default elementor-section-height-default\" data-id=\"1bedd90\" data-element_type=\"section\">\n\t\t\t\t\t\t<div class=\"elementor-container elementor-column-gap-default\">\n\t\t\t\t\t<div class=\"elementor-column elementor-col-100 elementor-top-column elementor-element elementor-element-e57059a\" data-id=\"e57059a\" data-element_type=\"column\">\n\t\t\t<div class=\"elementor-widget-wrap elementor-element-populated\">\n\t\t\t\t\t\t\t\t<div class=\"elementor-element elementor-element-66238d4 elementor-widget elementor-widget-spacer\" data-id=\"66238d4\" data-element_type=\"widget\" data-widget_type=\"spacer.default\">\n\t\t\t\t<div class=\"elementor-widget-container\">\n\t\t\t\t\t<div class=\"elementor-spacer\">\n\t\t\t<div class=\"elementor-spacer-inner\"><\/div>\n\t\t<\/div>\n\t\t\t\t<\/div>\n\t\t\t\t<\/div>\n\t\t\t\t<div class=\"elementor-element elementor-element-1b09f04 elementor-widget elementor-widget-heading\" data-id=\"1b09f04\" data-element_type=\"widget\" data-widget_type=\"heading.default\">\n\t\t\t\t<div class=\"elementor-widget-container\">\n\t\t\t<h4 class=\"elementor-heading-title elementor-size-default\">Informacija:<\/h4>\t\t<\/div>\n\t\t\t\t<\/div>\n\t\t\t\t<div class=\"elementor-element elementor-element-d3590dd elementor-widget elementor-widget-text-editor\" data-id=\"d3590dd\" data-element_type=\"widget\" data-widget_type=\"text-editor.default\">\n\t\t\t\t<div class=\"elementor-widget-container\">\n\t\t\t\t\t\t\t<p style=\"font-style: normal; font-variant-ligatures: normal; font-variant-caps: normal; font-weight: 400; font-size: 18px; font-family: 'Open Sans', sans-serif;\"><a href=\"https:\/\/wp.adisoft.lt\/vtdko\/wp-content\/uploads\/2022\/10\/vtdk_kokybes_politika_sN-3_1.pdf\" target=\"_blank\" rel=\"noopener\">Kokyb\u0117s vadybos sistemos politikos gair\u0117s<\/a><\/p><p style=\"font-style: normal; font-variant-ligatures: normal; font-variant-caps: normal; font-weight: 400; font-size: 18px; font-family: 'Open Sans', sans-serif;\"><a href=\"https:\/\/wp.adisoft.lt\/vtdko\/wp-content\/uploads\/2022\/10\/13_priedas_Absolventu_nuomones_tyrimas_2020.pdf\" target=\"_blank\" rel=\"noopener\">Absolvent\u0173 nuomon\u0117s tyrimas 2020 m.<\/a><\/p><p style=\"font-style: normal; font-variant-ligatures: normal; font-variant-caps: normal; font-weight: 400; font-size: 18px; font-family: 'Open Sans', sans-serif;\"><a href=\"https:\/\/wp.adisoft.lt\/vtdko\/wp-content\/uploads\/2022\/10\/13_priedas_Absolventu_nuomones_tyrimas_2019.pdf\" target=\"_blank\" rel=\"noopener\">Absolvent\u0173 nuomon\u0117s tyrimas 2019 m.<\/a><\/p><p style=\"font-style: normal; font-variant-ligatures: normal; font-variant-caps: normal; font-weight: 400; font-size: 18px; font-family: 'Open Sans', sans-serif;\"><a href=\"https:\/\/wp.adisoft.lt\/vtdko\/wp-content\/uploads\/2022\/10\/13_priedas_Absolventu_nuomones_tyrimas_2018.pdf\" target=\"_blank\" rel=\"noopener\">Absolvent\u0173 nuomon\u0117s tyrimas 2018 m.<\/a><\/p><p style=\"font-style: normal; font-variant-ligatures: normal; font-variant-caps: normal; font-weight: 400; font-size: 18px; font-family: 'Open Sans', sans-serif;\"><a href=\"https:\/\/wp.adisoft.lt\/vtdko\/wp-content\/uploads\/2022\/10\/13_priedas_Absolventu_nuomones_tyrimas_2017_mpdf.pdf\" target=\"_blank\" rel=\"noopener\">Absolvent\u0173 nuomon\u0117s tyrimas 2017 m.<\/a><\/p><p style=\"font-style: normal; font-variant-ligatures: normal; font-variant-caps: normal; font-weight: 400; font-size: 18px; font-family: 'Open Sans', sans-serif;\"><a href=\"https:\/\/wp.adisoft.lt\/vtdko\/wp-content\/uploads\/2022\/10\/SV6-3_2015-02-11_institucijos_akreditavimas_VTDK.pdf\" target=\"_blank\" rel=\"noopener\">Institucinis vertinimas<\/a><\/p><p style=\"font-style: normal; font-variant-ligatures: normal; font-variant-caps: normal; font-weight: 400; font-size: 18px; font-family: 'Open Sans', sans-serif;\"><a href=\"https:\/\/wp.adisoft.lt\/vtdko\/wp-content\/uploads\/2022\/10\/Veiklos_gerinimo_planas.pdf\" target=\"_blank\" rel=\"noopener\">Kolegijos veiklos gerinimo plan<\/a><\/p>\t\t\t\t\t\t<\/div>\n\t\t\t\t<\/div>\n\t\t\t\t<div class=\"elementor-element elementor-element-af894f6 elementor-widget elementor-widget-spacer\" data-id=\"af894f6\" data-element_type=\"widget\" data-widget_type=\"spacer.default\">\n\t\t\t\t<div class=\"elementor-widget-container\">\n\t\t\t\t\t<div class=\"elementor-spacer\">\n\t\t\t<div class=\"elementor-spacer-inner\"><\/div>\n\t\t<\/div>\n\t\t\t\t<\/div>\n\t\t\t\t<\/div>\n\t\t\t\t\t<\/div>\n\t\t<\/div>\n\t\t\t\t\t\t\t<\/div>\n\t\t<\/section>\n\t\t\t\t\t\t\t<\/div>\n\t\t","protected":false},"excerpt":{"rendered":"<p>Kokyb\u0117s valdymo sistema Vilniaus technologij\u0173 ir dizaino kolegija \u2013 \u010dia hobis virsta profesija! Europos auk\u0161tojo mokslo erdv\u0117s kokyb\u0117s u\u017etikrinimo nuostatos ir gair\u0117s (ESG) yra pamatinis krypt\u012f nurodantis dokumentas, o ESG taikymas Vilniaus technologij\u0173 ir dizaino kolegijos vidiniame studij\u0173 kokyb\u0117s u\u017etikrinime labai svarbus d\u0117l keli\u0173 prie\u017eas\u010di\u0173: padeda valdant studij\u0173 kokyb\u0119 veikti kryptingai, pasitikrinant bei atnaujinant veiklos&#8230;<\/p>\n","protected":false},"author":1,"featured_media":0,"parent":0,"menu_order":0,"comment_status":"closed","ping_status":"closed","template":"","meta":{"inline_featured_image":false,"footnotes":""},"class_list":["post-988965","page","type-page","status-publish","hentry"],"yoast_head":"<!-- This site is optimized with the Yoast SEO plugin v19.12 - https:\/\/yoast.com\/wordpress\/plugins\/seo\/ -->\n<title>Kokyb\u0117s u\u017etikrinimas - vtdko<\/title>\n<meta name=\"robots\" content=\"noindex, follow, max-snippet:-1, max-image-preview:large, max-video-preview:-1\" \/>\n<meta property=\"og:locale\" content=\"lt_LT\" \/>\n<meta property=\"og:type\" content=\"article\" \/>\n<meta property=\"og:title\" content=\"Kokyb\u0117s u\u017etikrinimas - vtdko\" \/>\n<meta property=\"og:description\" content=\"Kokyb\u0117s valdymo sistema Vilniaus technologij\u0173 ir dizaino kolegija \u2013 \u010dia hobis virsta profesija! Europos auk\u0161tojo mokslo erdv\u0117s kokyb\u0117s u\u017etikrinimo nuostatos ir gair\u0117s (ESG) yra pamatinis krypt\u012f nurodantis dokumentas, o ESG taikymas Vilniaus technologij\u0173 ir dizaino kolegijos vidiniame studij\u0173 kokyb\u0117s u\u017etikrinime labai svarbus d\u0117l keli\u0173 prie\u017eas\u010di\u0173: padeda valdant studij\u0173 kokyb\u0119 veikti kryptingai, pasitikrinant bei atnaujinant veiklos...\" \/>\n<meta property=\"og:url\" content=\"https:\/\/wp.adisoft.lt\/vtdko\/kokybes-uztikrinimas\/\" \/>\n<meta property=\"og:site_name\" content=\"vtdko\" \/>\n<meta property=\"article:modified_time\" content=\"2023-02-07T06:39:35+00:00\" \/>\n<meta name=\"twitter:card\" content=\"summary_large_image\" \/>\n<meta name=\"twitter:label1\" content=\"Est. reading time\" \/>\n\t<meta name=\"twitter:data1\" content=\"1 minut\u0117\" \/>\n<script type=\"application\/ld+json\" class=\"yoast-schema-graph\">{\"@context\":\"https:\/\/schema.org\",\"@graph\":[{\"@type\":\"WebPage\",\"@id\":\"https:\/\/wp.adisoft.lt\/vtdko\/kokybes-uztikrinimas\/\",\"url\":\"https:\/\/wp.adisoft.lt\/vtdko\/kokybes-uztikrinimas\/\",\"name\":\"Kokyb\u0117s u\u017etikrinimas - vtdko\",\"isPartOf\":{\"@id\":\"https:\/\/wp.adisoft.lt\/vtdko\/#website\"},\"datePublished\":\"2022-10-04T11:05:47+00:00\",\"dateModified\":\"2023-02-07T06:39:35+00:00\",\"breadcrumb\":{\"@id\":\"https:\/\/wp.adisoft.lt\/vtdko\/kokybes-uztikrinimas\/#breadcrumb\"},\"inLanguage\":\"lt-LT\",\"potentialAction\":[{\"@type\":\"ReadAction\",\"target\":[\"https:\/\/wp.adisoft.lt\/vtdko\/kokybes-uztikrinimas\/\"]}]},{\"@type\":\"BreadcrumbList\",\"@id\":\"https:\/\/wp.adisoft.lt\/vtdko\/kokybes-uztikrinimas\/#breadcrumb\",\"itemListElement\":[{\"@type\":\"ListItem\",\"position\":1,\"name\":\"Pagrindinis\",\"item\":\"https:\/\/wp.adisoft.lt\/vtdko\/\"},{\"@type\":\"ListItem\",\"position\":2,\"name\":\"Kokyb\u0117s u\u017etikrinimas\"}]},{\"@type\":\"WebSite\",\"@id\":\"https:\/\/wp.adisoft.lt\/vtdko\/#website\",\"url\":\"https:\/\/wp.adisoft.lt\/vtdko\/\",\"name\":\"vtdko\",\"description\":\"Vilniaus technologij\u0173 ir dizaino kolegija\",\"publisher\":{\"@id\":\"https:\/\/wp.adisoft.lt\/vtdko\/#organization\"},\"potentialAction\":[{\"@type\":\"SearchAction\",\"target\":{\"@type\":\"EntryPoint\",\"urlTemplate\":\"https:\/\/wp.adisoft.lt\/vtdko\/?s={search_term_string}\"},\"query-input\":\"required name=search_term_string\"}],\"inLanguage\":\"lt-LT\"},{\"@type\":\"Organization\",\"@id\":\"https:\/\/wp.adisoft.lt\/vtdko\/#organization\",\"name\":\"vtdko\",\"url\":\"https:\/\/wp.adisoft.lt\/vtdko\/\",\"logo\":{\"@type\":\"ImageObject\",\"inLanguage\":\"lt-LT\",\"@id\":\"https:\/\/wp.adisoft.lt\/vtdko\/#\/schema\/logo\/image\/\",\"url\":\"https:\/\/wp.adisoft.lt\/vtdko\/wp-content\/uploads\/2020\/02\/Logo-su-tekstu-01.svg\",\"contentUrl\":\"https:\/\/wp.adisoft.lt\/vtdko\/wp-content\/uploads\/2020\/02\/Logo-su-tekstu-01.svg\",\"width\":151,\"height\":74,\"caption\":\"vtdko\"},\"image\":{\"@id\":\"https:\/\/wp.adisoft.lt\/vtdko\/#\/schema\/logo\/image\/\"}}]}<\/script>\n<!-- \/ Yoast SEO plugin. -->","yoast_head_json":{"title":"Kokyb\u0117s u\u017etikrinimas - vtdko","robots":{"index":"noindex","follow":"follow","max-snippet":"max-snippet:-1","max-image-preview":"max-image-preview:large","max-video-preview":"max-video-preview:-1"},"og_locale":"lt_LT","og_type":"article","og_title":"Kokyb\u0117s u\u017etikrinimas - vtdko","og_description":"Kokyb\u0117s valdymo sistema Vilniaus technologij\u0173 ir dizaino kolegija \u2013 \u010dia hobis virsta profesija! Europos auk\u0161tojo mokslo erdv\u0117s kokyb\u0117s u\u017etikrinimo nuostatos ir gair\u0117s (ESG) yra pamatinis krypt\u012f nurodantis dokumentas, o ESG taikymas Vilniaus technologij\u0173 ir dizaino kolegijos vidiniame studij\u0173 kokyb\u0117s u\u017etikrinime labai svarbus d\u0117l keli\u0173 prie\u017eas\u010di\u0173: padeda valdant studij\u0173 kokyb\u0119 veikti kryptingai, pasitikrinant bei atnaujinant veiklos...","og_url":"https:\/\/wp.adisoft.lt\/vtdko\/kokybes-uztikrinimas\/","og_site_name":"vtdko","article_modified_time":"2023-02-07T06:39:35+00:00","twitter_card":"summary_large_image","twitter_misc":{"Est. reading time":"1 minut\u0117"},"schema":{"@context":"https:\/\/schema.org","@graph":[{"@type":"WebPage","@id":"https:\/\/wp.adisoft.lt\/vtdko\/kokybes-uztikrinimas\/","url":"https:\/\/wp.adisoft.lt\/vtdko\/kokybes-uztikrinimas\/","name":"Kokyb\u0117s u\u017etikrinimas - vtdko","isPartOf":{"@id":"https:\/\/wp.adisoft.lt\/vtdko\/#website"},"datePublished":"2022-10-04T11:05:47+00:00","dateModified":"2023-02-07T06:39:35+00:00","breadcrumb":{"@id":"https:\/\/wp.adisoft.lt\/vtdko\/kokybes-uztikrinimas\/#breadcrumb"},"inLanguage":"lt-LT","potentialAction":[{"@type":"ReadAction","target":["https:\/\/wp.adisoft.lt\/vtdko\/kokybes-uztikrinimas\/"]}]},{"@type":"BreadcrumbList","@id":"https:\/\/wp.adisoft.lt\/vtdko\/kokybes-uztikrinimas\/#breadcrumb","itemListElement":[{"@type":"ListItem","position":1,"name":"Pagrindinis","item":"https:\/\/wp.adisoft.lt\/vtdko\/"},{"@type":"ListItem","position":2,"name":"Kokyb\u0117s u\u017etikrinimas"}]},{"@type":"WebSite","@id":"https:\/\/wp.adisoft.lt\/vtdko\/#website","url":"https:\/\/wp.adisoft.lt\/vtdko\/","name":"vtdko","description":"Vilniaus technologij\u0173 ir dizaino kolegija","publisher":{"@id":"https:\/\/wp.adisoft.lt\/vtdko\/#organization"},"potentialAction":[{"@type":"SearchAction","target":{"@type":"EntryPoint","urlTemplate":"https:\/\/wp.adisoft.lt\/vtdko\/?s={search_term_string}"},"query-input":"required name=search_term_string"}],"inLanguage":"lt-LT"},{"@type":"Organization","@id":"https:\/\/wp.adisoft.lt\/vtdko\/#organization","name":"vtdko","url":"https:\/\/wp.adisoft.lt\/vtdko\/","logo":{"@type":"ImageObject","inLanguage":"lt-LT","@id":"https:\/\/wp.adisoft.lt\/vtdko\/#\/schema\/logo\/image\/","url":"https:\/\/wp.adisoft.lt\/vtdko\/wp-content\/uploads\/2020\/02\/Logo-su-tekstu-01.svg","contentUrl":"https:\/\/wp.adisoft.lt\/vtdko\/wp-content\/uploads\/2020\/02\/Logo-su-tekstu-01.svg","width":151,"height":74,"caption":"vtdko"},"image":{"@id":"https:\/\/wp.adisoft.lt\/vtdko\/#\/schema\/logo\/image\/"}}]}},"_links":{"self":[{"href":"https:\/\/wp.adisoft.lt\/vtdko\/wp-json\/wp\/v2\/pages\/988965","targetHints":{"allow":["GET"]}}],"collection":[{"href":"https:\/\/wp.adisoft.lt\/vtdko\/wp-json\/wp\/v2\/pages"}],"about":[{"href":"https:\/\/wp.adisoft.lt\/vtdko\/wp-json\/wp\/v2\/types\/page"}],"author":[{"embeddable":true,"href":"https:\/\/wp.adisoft.lt\/vtdko\/wp-json\/wp\/v2\/users\/1"}],"replies":[{"embeddable":true,"href":"https:\/\/wp.adisoft.lt\/vtdko\/wp-json\/wp\/v2\/comments?post=988965"}],"version-history":[{"count":30,"href":"https:\/\/wp.adisoft.lt\/vtdko\/wp-json\/wp\/v2\/pages\/988965\/revisions"}],"predecessor-version":[{"id":1000015,"href":"https:\/\/wp.adisoft.lt\/vtdko\/wp-json\/wp\/v2\/pages\/988965\/revisions\/1000015"}],"wp:attachment":[{"href":"https:\/\/wp.adisoft.lt\/vtdko\/wp-json\/wp\/v2\/media?parent=988965"}],"curies":[{"name":"wp","href":"https:\/\/api.w.org\/{rel}","templated":true}]}}