{"id":990006,"date":"2022-10-20T12:24:30","date_gmt":"2022-10-20T09:24:30","guid":{"rendered":"https:\/\/wp.adisoft.lt\/vtdko\/?page_id=990006"},"modified":"2022-12-16T22:03:30","modified_gmt":"2022-12-16T19:03:30","slug":"nuolatiniai-tvarkarsciai","status":"publish","type":"page","link":"https:\/\/wp.adisoft.lt\/vtdko\/statybos-fakultetas\/nuolatiniai-tvarkarsciai\/","title":{"rendered":"Statybos fakulteto nuolatiniai tvarkaras\u010diai"},"content":{"rendered":"\t\t<div data-elementor-type=\"wp-page\" data-elementor-id=\"990006\" class=\"elementor elementor-990006\">\n\t\t\t\t\t\t\t\t\t<section class=\"elementor-section elementor-top-section elementor-element elementor-element-7d14e50 elementor-section-height-min-height elementor-section-boxed elementor-section-height-default elementor-section-items-middle\" data-id=\"7d14e50\" data-element_type=\"section\" data-settings=\"{&quot;background_background&quot;:&quot;classic&quot;,&quot;animation&quot;:&quot;none&quot;}\">\n\t\t\t\t\t\t<div class=\"elementor-container elementor-column-gap-default\">\n\t\t\t\t\t<div class=\"elementor-column elementor-col-100 elementor-top-column elementor-element elementor-element-6664dc8\" data-id=\"6664dc8\" data-element_type=\"column\" data-settings=\"{&quot;background_background&quot;:&quot;classic&quot;}\">\n\t\t\t<div class=\"elementor-widget-wrap\">\n\t\t\t\t\t\t\t\t\t<\/div>\n\t\t<\/div>\n\t\t\t\t\t\t\t<\/div>\n\t\t<\/section>\n\t\t\t\t<section class=\"elementor-section elementor-top-section elementor-element elementor-element-4da86f9 elementor-section-boxed elementor-section-height-default elementor-section-height-default\" data-id=\"4da86f9\" data-element_type=\"section\" data-settings=\"{&quot;animation&quot;:&quot;none&quot;,&quot;animation_tablet&quot;:&quot;none&quot;,&quot;animation_mobile&quot;:&quot;none&quot;}\">\n\t\t\t\t\t\t<div class=\"elementor-container elementor-column-gap-no\">\n\t\t\t\t\t<div class=\"elementor-column elementor-col-50 elementor-top-column elementor-element elementor-element-19ddc16 animated-fast elementor-invisible\" data-id=\"19ddc16\" data-element_type=\"column\" data-settings=\"{&quot;background_background&quot;:&quot;classic&quot;,&quot;animation&quot;:&quot;fadeIn&quot;,&quot;animation_delay&quot;:100}\">\n\t\t\t<div class=\"elementor-widget-wrap elementor-element-populated\">\n\t\t\t\t\t\t\t\t<div class=\"elementor-element elementor-element-4fe4043 elementor-widget__width-auto elementor-widget-tablet__width-auto elementor-widget-mobile__width-inherit elementor-widget elementor-widget-heading\" data-id=\"4fe4043\" data-element_type=\"widget\" data-settings=\"{&quot;_animation&quot;:&quot;none&quot;,&quot;_animation_delay&quot;:200}\" data-widget_type=\"heading.heading_charityfy\">\n\t\t\t\t<div class=\"elementor-widget-container\">\n\t\t\t<h1 class=\"elementor-heading-title elementor-size-default\">Nuolatini\u0173 studij\u0173 tvarkaras\u010diai<\/h1>\t\t<\/div>\n\t\t\t\t<\/div>\n\t\t\t\t<div class=\"elementor-element elementor-element-b8f355d elementor-widget elementor-widget-text-editor\" data-id=\"b8f355d\" data-element_type=\"widget\" data-settings=\"{&quot;_animation&quot;:&quot;none&quot;,&quot;_animation_delay&quot;:300}\" data-widget_type=\"text-editor.default\">\n\t\t\t\t<div class=\"elementor-widget-container\">\n\t\t\t\t\t\t\t<p>Vilniaus technologij\u0173 ir dizaino kolegija \u2013 \u010dia hobis virsta profesija!<\/p>\t\t\t\t\t\t<\/div>\n\t\t\t\t<\/div>\n\t\t\t\t\t<\/div>\n\t\t<\/div>\n\t\t\t\t<div class=\"elementor-column elementor-col-50 elementor-top-column elementor-element elementor-element-d616e84 elementor-hidden-desktop elementor-hidden-tablet elementor-hidden-phone\" data-id=\"d616e84\" data-element_type=\"column\">\n\t\t\t<div class=\"elementor-widget-wrap\">\n\t\t\t\t\t\t\t\t\t<\/div>\n\t\t<\/div>\n\t\t\t\t\t\t\t<\/div>\n\t\t<\/section>\n\t\t\t\t<section class=\"elementor-section elementor-top-section elementor-element elementor-element-8f37da3 elementor-section-boxed elementor-section-height-default elementor-section-height-default\" data-id=\"8f37da3\" data-element_type=\"section\">\n\t\t\t\t\t\t<div class=\"elementor-container elementor-column-gap-default\">\n\t\t\t\t\t<div class=\"elementor-column elementor-col-100 elementor-top-column elementor-element elementor-element-076b17f\" data-id=\"076b17f\" data-element_type=\"column\">\n\t\t\t<div class=\"elementor-widget-wrap elementor-element-populated\">\n\t\t\t\t\t\t\t\t<div class=\"elementor-element elementor-element-587d4e5 elementor-widget elementor-widget-spacer\" data-id=\"587d4e5\" data-element_type=\"widget\" data-widget_type=\"spacer.default\">\n\t\t\t\t<div class=\"elementor-widget-container\">\n\t\t\t\t\t<div class=\"elementor-spacer\">\n\t\t\t<div class=\"elementor-spacer-inner\"><\/div>\n\t\t<\/div>\n\t\t\t\t<\/div>\n\t\t\t\t<\/div>\n\t\t\t\t<div class=\"elementor-element elementor-element-b5ff5f2 elementor-widget elementor-widget-text-editor\" data-id=\"b5ff5f2\" data-element_type=\"widget\" data-widget_type=\"text-editor.default\">\n\t\t\t\t<div class=\"elementor-widget-container\">\n\t\t\t\t\t\t\t<p><strong>Paskait\u0173 tvarkara\u0161\u010diai<\/strong><\/p><table class=\"table\"><tbody><tr><td>I kursas<\/td><td><p><strong><a href=\"https:\/\/wp.adisoft.lt\/vtdko\/wp-content\/uploads\/2022\/10\/1_kursas_2022-10-10_ptv.pdf\" target=\"_blank\" rel=\"noopener\">SP22D-1\u00a0\u2013 SP22D-2 \u2013 SS22D-1\u00a0\u2013 TL22D-1\u2013 TL22D-2<\/a>\u00a0<\/strong>(atnaujinta 2022-10-10 SP22D-2 ir SS22D-1 gr.)<\/p><div>\u00a0<\/div><div><em>Paai\u0161kinimai:<\/em><\/div><div>SP22D-1; SP22D-2 \u2013 studij\u0173 programa \u201eStatyba\u201c<\/div><div>SS22D-1 \u2013 studij\u0173 programa \u201eStatini\u0173 in\u017einerin\u0117s sistemos\u201c<\/div><div>TL22D-1; TL22D-2 \u2013 studij\u0173 programa \u201eTransporto logistika\u201c<\/div><div>\u00a0<\/div><\/td><\/tr><tr><td>II kursas<\/td><td><p><a href=\"https:\/\/wp.adisoft.lt\/vtdko\/wp-content\/uploads\/2022\/10\/2_kursas_2022-10-10_ptv-scaled.jpeg\" target=\"_blank\" rel=\"noopener\"><strong>SG21D-1\u00a0\u2013<\/strong><strong>\u00a0SP21D-1<\/strong><strong>\u00a0<\/strong>\u2013<strong>\u00a0SS<\/strong><strong>21D-1<\/strong>\u2013<strong>\u00a0TL<\/strong><strong>21D-<\/strong><strong>1<\/strong><\/a>\u00a0(atnaujinta 2022-09-30 TL21D-1 gr.; 2022-10-10 &#8211; SG21D-1 gr.))<\/p><\/td><\/tr><tr><td>III kursas<\/td><td><p><a href=\"https:\/\/wp.adisoft.lt\/vtdko\/wp-content\/uploads\/2022\/10\/3_kursas_2022-10-10_ptv-scaled.jpeg\" target=\"_blank\" rel=\"noopener\"><strong>SP20D-1\u00a0<\/strong>\u2013<strong>\u00a0SS20D-1\u00a0<\/strong>\u2013 T<strong>L20D-1<\/strong><\/a><b>\u00a0(<\/b>atnaujinta 2022-10-10, SP20D-1 ir SS20D-1 gr. paskaitos nuo rugs\u0117jo 26 d., TL20D-1 gr. &#8211; nuo spalio 10 d.)<\/p><\/td><\/tr><\/tbody><\/table><ul><li><a href=\"https:\/\/wp.adisoft.lt\/vtdko\/wp-content\/uploads\/2022\/10\/SF_konsultaciju_grafikas_2022-2023_ruduo.pdf\" target=\"_blank\" rel=\"noopener\"><strong>2022-2023 s. m. rudens semestro\u00a0student\u0173 konsultavimo grafikas<\/strong><\/a><\/li><li><strong>Papildomos konsultacin\u0117s paskaitos \u017eini\u0173 pagilinimui ir \u012ftvirtinimui I kurso studentams<br \/><em>Taikomoji fizika<\/em>:<\/strong>\u00a0pirmadieniais 18.00 val. MS Teams (d\u0117st. dr. M.Pe\u010diulien\u0117)<strong><br \/><em>Matematika\/Verslo matematika<\/em>:\u00a0<\/strong>ketvirtadieniais 8.00 val. (1 stud. sav.), 15.40 val. (2 stud. sav.) 306 aud. ir MS Teams (d\u0117st. dr. L.Gudelyt\u0117-\u017dilinskien\u0117)<\/li><li><a href=\"https:\/\/wp.adisoft.lt\/vtdko\/wp-content\/uploads\/2022\/10\/NL_2021-2022_pavasario.pdf\" target=\"_blank\" rel=\"noopener\"><strong>2021-2022 s.m. pavasario semestro akademini\u0173 skol\u0173 likvidavimo terminai<\/strong><\/a><strong>\u00a0(I-II kursas)<\/strong><\/li><li><strong><a href=\"https:\/\/wp.adisoft.lt\/vtdko\/wp-content\/uploads\/2022\/10\/ak_skolu_laik_terminai_NL_3_k._2021-22_pavas-scaled.jpg\" target=\"_blank\" rel=\"noopener\">2021-2022 s.m. pavasario semestro akademini\u0173 skol\u0173 likvidavimo terminai<\/a>\u00a0(III kursas)<\/strong><\/li><\/ul><table class=\"table\"><tbody><tr><td colspan=\"2\"><p><strong>Egzamin\u0173 tvarkara\u0161\u010diai<\/strong><\/p><\/td><\/tr><tr><td>I kursas<\/td><td><ul><li><strong>SP22D-1<\/strong><strong>\u00a0<\/strong>\u2013\u00a0<strong>SS22D-1<\/strong>\u00a0\u2013\u00a0<strong>TL22D-1\u00a0<\/strong><\/li><\/ul><\/td><\/tr><tr><td>II kursas<\/td><td><ul><li><strong>SG21D-1 \u2013 S<\/strong><strong>P21<\/strong><strong>D-1\u00a0<\/strong>\u2013\u00a0<strong>SS21D-1\u00a0<\/strong>\u2013\u00a0<strong>TL21D-1<\/strong><\/li><\/ul><\/td><\/tr><tr><td>III kursas<\/td><td><ul><li><strong>S<\/strong><strong>P20<\/strong><strong>D-1\u00a0<\/strong>\u2013\u00a0<strong>SS20D-1\u00a0<\/strong>\u2013\u00a0<strong>TL20D-1<\/strong><\/li><\/ul><\/td><\/tr><\/tbody><\/table><ul><li><strong>Baigiamojo darbo rengimo grafikas<\/strong>:<ul><li>Studij\u0173 program\u0173 \u201eStatini\u0173 in\u017einerin\u0117s sistemos\u201c, \u201eStatyba\u201c studentams\u00a0<\/li><li>Studij\u0173 programos \u201eTransporto logistika\u201c studentams<\/li><\/ul><\/li><\/ul><ul><li><strong>Baigiam\u0173j\u0173 darb\u0173 gynimo grafikas Kvalifikavimo komisijoje<\/strong><\/li><\/ul><p><br \/><br \/><\/p><p>\u00a0<\/p>\t\t\t\t\t\t<\/div>\n\t\t\t\t<\/div>\n\t\t\t\t\t<\/div>\n\t\t<\/div>\n\t\t\t\t\t\t\t<\/div>\n\t\t<\/section>\n\t\t\t\t\t\t\t<\/div>\n\t\t","protected":false},"excerpt":{"rendered":"<p>Nuolatini\u0173 studij\u0173 tvarkaras\u010diai Vilniaus technologij\u0173 ir dizaino kolegija \u2013 \u010dia hobis virsta profesija! Paskait\u0173 tvarkara\u0161\u010diai I kursas SP22D-1\u00a0\u2013 SP22D-2 \u2013 SS22D-1\u00a0\u2013 TL22D-1\u2013 TL22D-2\u00a0(atnaujinta 2022-10-10 SP22D-2 ir SS22D-1 gr.) \u00a0Paai\u0161kinimai:SP22D-1; SP22D-2 \u2013 studij\u0173 programa \u201eStatyba\u201cSS22D-1 \u2013 studij\u0173 programa \u201eStatini\u0173 in\u017einerin\u0117s sistemos\u201cTL22D-1; TL22D-2 \u2013 studij\u0173 programa \u201eTransporto logistika\u201c\u00a0 II kursas SG21D-1\u00a0\u2013\u00a0SP21D-1\u00a0\u2013\u00a0SS21D-1\u2013\u00a0TL21D-1\u00a0(atnaujinta 2022-09-30 TL21D-1 gr.; 2022-10-10 &#8211; SG21D-1&#8230;<\/p>\n","protected":false},"author":1,"featured_media":0,"parent":989998,"menu_order":0,"comment_status":"closed","ping_status":"closed","template":"","meta":{"inline_featured_image":false,"footnotes":""},"class_list":["post-990006","page","type-page","status-publish","hentry"],"yoast_head":"<!-- This site is optimized with the Yoast SEO plugin v19.12 - https:\/\/yoast.com\/wordpress\/plugins\/seo\/ -->\n<title>Statybos fakulteto nuolatiniai tvarkaras\u010diai - vtdko<\/title>\n<meta name=\"robots\" content=\"noindex, follow, max-snippet:-1, max-image-preview:large, max-video-preview:-1\" \/>\n<meta property=\"og:locale\" content=\"lt_LT\" \/>\n<meta property=\"og:type\" content=\"article\" \/>\n<meta property=\"og:title\" content=\"Statybos fakulteto nuolatiniai tvarkaras\u010diai - vtdko\" \/>\n<meta property=\"og:description\" content=\"Nuolatini\u0173 studij\u0173 tvarkaras\u010diai Vilniaus technologij\u0173 ir dizaino kolegija \u2013 \u010dia hobis virsta profesija! Paskait\u0173 tvarkara\u0161\u010diai I kursas SP22D-1\u00a0\u2013 SP22D-2 \u2013 SS22D-1\u00a0\u2013 TL22D-1\u2013 TL22D-2\u00a0(atnaujinta 2022-10-10 SP22D-2 ir SS22D-1 gr.) \u00a0Paai\u0161kinimai:SP22D-1; SP22D-2 \u2013 studij\u0173 programa \u201eStatyba\u201cSS22D-1 \u2013 studij\u0173 programa \u201eStatini\u0173 in\u017einerin\u0117s sistemos\u201cTL22D-1; TL22D-2 \u2013 studij\u0173 programa \u201eTransporto logistika\u201c\u00a0 II kursas SG21D-1\u00a0\u2013\u00a0SP21D-1\u00a0\u2013\u00a0SS21D-1\u2013\u00a0TL21D-1\u00a0(atnaujinta 2022-09-30 TL21D-1 gr.; 2022-10-10 &#8211; SG21D-1...\" \/>\n<meta property=\"og:url\" content=\"https:\/\/wp.adisoft.lt\/vtdko\/statybos-fakultetas\/nuolatiniai-tvarkarsciai\/\" \/>\n<meta property=\"og:site_name\" content=\"vtdko\" \/>\n<meta property=\"article:modified_time\" content=\"2022-12-16T19:03:30+00:00\" \/>\n<meta name=\"twitter:card\" content=\"summary_large_image\" \/>\n<meta name=\"twitter:label1\" content=\"Est. reading time\" \/>\n\t<meta name=\"twitter:data1\" content=\"1 minut\u0117\" \/>\n<script type=\"application\/ld+json\" class=\"yoast-schema-graph\">{\"@context\":\"https:\/\/schema.org\",\"@graph\":[{\"@type\":\"WebPage\",\"@id\":\"https:\/\/wp.adisoft.lt\/vtdko\/statybos-fakultetas\/nuolatiniai-tvarkarsciai\/\",\"url\":\"https:\/\/wp.adisoft.lt\/vtdko\/statybos-fakultetas\/nuolatiniai-tvarkarsciai\/\",\"name\":\"Statybos fakulteto nuolatiniai tvarkaras\u010diai - vtdko\",\"isPartOf\":{\"@id\":\"https:\/\/wp.adisoft.lt\/vtdko\/#website\"},\"datePublished\":\"2022-10-20T09:24:30+00:00\",\"dateModified\":\"2022-12-16T19:03:30+00:00\",\"breadcrumb\":{\"@id\":\"https:\/\/wp.adisoft.lt\/vtdko\/statybos-fakultetas\/nuolatiniai-tvarkarsciai\/#breadcrumb\"},\"inLanguage\":\"lt-LT\",\"potentialAction\":[{\"@type\":\"ReadAction\",\"target\":[\"https:\/\/wp.adisoft.lt\/vtdko\/statybos-fakultetas\/nuolatiniai-tvarkarsciai\/\"]}]},{\"@type\":\"BreadcrumbList\",\"@id\":\"https:\/\/wp.adisoft.lt\/vtdko\/statybos-fakultetas\/nuolatiniai-tvarkarsciai\/#breadcrumb\",\"itemListElement\":[{\"@type\":\"ListItem\",\"position\":1,\"name\":\"Pagrindinis\",\"item\":\"https:\/\/wp.adisoft.lt\/vtdko\/\"},{\"@type\":\"ListItem\",\"position\":2,\"name\":\"Statybos fakultetas\",\"item\":\"https:\/\/wp.adisoft.lt\/vtdko\/statybos-fakultetas\/\"},{\"@type\":\"ListItem\",\"position\":3,\"name\":\"Statybos fakulteto nuolatiniai tvarkaras\u010diai\"}]},{\"@type\":\"WebSite\",\"@id\":\"https:\/\/wp.adisoft.lt\/vtdko\/#website\",\"url\":\"https:\/\/wp.adisoft.lt\/vtdko\/\",\"name\":\"vtdko\",\"description\":\"Vilniaus technologij\u0173 ir dizaino kolegija\",\"publisher\":{\"@id\":\"https:\/\/wp.adisoft.lt\/vtdko\/#organization\"},\"potentialAction\":[{\"@type\":\"SearchAction\",\"target\":{\"@type\":\"EntryPoint\",\"urlTemplate\":\"https:\/\/wp.adisoft.lt\/vtdko\/?s={search_term_string}\"},\"query-input\":\"required name=search_term_string\"}],\"inLanguage\":\"lt-LT\"},{\"@type\":\"Organization\",\"@id\":\"https:\/\/wp.adisoft.lt\/vtdko\/#organization\",\"name\":\"vtdko\",\"url\":\"https:\/\/wp.adisoft.lt\/vtdko\/\",\"logo\":{\"@type\":\"ImageObject\",\"inLanguage\":\"lt-LT\",\"@id\":\"https:\/\/wp.adisoft.lt\/vtdko\/#\/schema\/logo\/image\/\",\"url\":\"https:\/\/wp.adisoft.lt\/vtdko\/wp-content\/uploads\/2020\/02\/Logo-su-tekstu-01.svg\",\"contentUrl\":\"https:\/\/wp.adisoft.lt\/vtdko\/wp-content\/uploads\/2020\/02\/Logo-su-tekstu-01.svg\",\"width\":151,\"height\":74,\"caption\":\"vtdko\"},\"image\":{\"@id\":\"https:\/\/wp.adisoft.lt\/vtdko\/#\/schema\/logo\/image\/\"}}]}<\/script>\n<!-- \/ Yoast SEO plugin. -->","yoast_head_json":{"title":"Statybos fakulteto nuolatiniai tvarkaras\u010diai - vtdko","robots":{"index":"noindex","follow":"follow","max-snippet":"max-snippet:-1","max-image-preview":"max-image-preview:large","max-video-preview":"max-video-preview:-1"},"og_locale":"lt_LT","og_type":"article","og_title":"Statybos fakulteto nuolatiniai tvarkaras\u010diai - vtdko","og_description":"Nuolatini\u0173 studij\u0173 tvarkaras\u010diai Vilniaus technologij\u0173 ir dizaino kolegija \u2013 \u010dia hobis virsta profesija! Paskait\u0173 tvarkara\u0161\u010diai I kursas SP22D-1\u00a0\u2013 SP22D-2 \u2013 SS22D-1\u00a0\u2013 TL22D-1\u2013 TL22D-2\u00a0(atnaujinta 2022-10-10 SP22D-2 ir SS22D-1 gr.) \u00a0Paai\u0161kinimai:SP22D-1; SP22D-2 \u2013 studij\u0173 programa \u201eStatyba\u201cSS22D-1 \u2013 studij\u0173 programa \u201eStatini\u0173 in\u017einerin\u0117s sistemos\u201cTL22D-1; TL22D-2 \u2013 studij\u0173 programa \u201eTransporto logistika\u201c\u00a0 II kursas SG21D-1\u00a0\u2013\u00a0SP21D-1\u00a0\u2013\u00a0SS21D-1\u2013\u00a0TL21D-1\u00a0(atnaujinta 2022-09-30 TL21D-1 gr.; 2022-10-10 &#8211; SG21D-1...","og_url":"https:\/\/wp.adisoft.lt\/vtdko\/statybos-fakultetas\/nuolatiniai-tvarkarsciai\/","og_site_name":"vtdko","article_modified_time":"2022-12-16T19:03:30+00:00","twitter_card":"summary_large_image","twitter_misc":{"Est. reading time":"1 minut\u0117"},"schema":{"@context":"https:\/\/schema.org","@graph":[{"@type":"WebPage","@id":"https:\/\/wp.adisoft.lt\/vtdko\/statybos-fakultetas\/nuolatiniai-tvarkarsciai\/","url":"https:\/\/wp.adisoft.lt\/vtdko\/statybos-fakultetas\/nuolatiniai-tvarkarsciai\/","name":"Statybos fakulteto nuolatiniai tvarkaras\u010diai - vtdko","isPartOf":{"@id":"https:\/\/wp.adisoft.lt\/vtdko\/#website"},"datePublished":"2022-10-20T09:24:30+00:00","dateModified":"2022-12-16T19:03:30+00:00","breadcrumb":{"@id":"https:\/\/wp.adisoft.lt\/vtdko\/statybos-fakultetas\/nuolatiniai-tvarkarsciai\/#breadcrumb"},"inLanguage":"lt-LT","potentialAction":[{"@type":"ReadAction","target":["https:\/\/wp.adisoft.lt\/vtdko\/statybos-fakultetas\/nuolatiniai-tvarkarsciai\/"]}]},{"@type":"BreadcrumbList","@id":"https:\/\/wp.adisoft.lt\/vtdko\/statybos-fakultetas\/nuolatiniai-tvarkarsciai\/#breadcrumb","itemListElement":[{"@type":"ListItem","position":1,"name":"Pagrindinis","item":"https:\/\/wp.adisoft.lt\/vtdko\/"},{"@type":"ListItem","position":2,"name":"Statybos fakultetas","item":"https:\/\/wp.adisoft.lt\/vtdko\/statybos-fakultetas\/"},{"@type":"ListItem","position":3,"name":"Statybos fakulteto nuolatiniai tvarkaras\u010diai"}]},{"@type":"WebSite","@id":"https:\/\/wp.adisoft.lt\/vtdko\/#website","url":"https:\/\/wp.adisoft.lt\/vtdko\/","name":"vtdko","description":"Vilniaus technologij\u0173 ir dizaino kolegija","publisher":{"@id":"https:\/\/wp.adisoft.lt\/vtdko\/#organization"},"potentialAction":[{"@type":"SearchAction","target":{"@type":"EntryPoint","urlTemplate":"https:\/\/wp.adisoft.lt\/vtdko\/?s={search_term_string}"},"query-input":"required name=search_term_string"}],"inLanguage":"lt-LT"},{"@type":"Organization","@id":"https:\/\/wp.adisoft.lt\/vtdko\/#organization","name":"vtdko","url":"https:\/\/wp.adisoft.lt\/vtdko\/","logo":{"@type":"ImageObject","inLanguage":"lt-LT","@id":"https:\/\/wp.adisoft.lt\/vtdko\/#\/schema\/logo\/image\/","url":"https:\/\/wp.adisoft.lt\/vtdko\/wp-content\/uploads\/2020\/02\/Logo-su-tekstu-01.svg","contentUrl":"https:\/\/wp.adisoft.lt\/vtdko\/wp-content\/uploads\/2020\/02\/Logo-su-tekstu-01.svg","width":151,"height":74,"caption":"vtdko"},"image":{"@id":"https:\/\/wp.adisoft.lt\/vtdko\/#\/schema\/logo\/image\/"}}]}},"_links":{"self":[{"href":"https:\/\/wp.adisoft.lt\/vtdko\/wp-json\/wp\/v2\/pages\/990006","targetHints":{"allow":["GET"]}}],"collection":[{"href":"https:\/\/wp.adisoft.lt\/vtdko\/wp-json\/wp\/v2\/pages"}],"about":[{"href":"https:\/\/wp.adisoft.lt\/vtdko\/wp-json\/wp\/v2\/types\/page"}],"author":[{"embeddable":true,"href":"https:\/\/wp.adisoft.lt\/vtdko\/wp-json\/wp\/v2\/users\/1"}],"replies":[{"embeddable":true,"href":"https:\/\/wp.adisoft.lt\/vtdko\/wp-json\/wp\/v2\/comments?post=990006"}],"version-history":[{"count":10,"href":"https:\/\/wp.adisoft.lt\/vtdko\/wp-json\/wp\/v2\/pages\/990006\/revisions"}],"predecessor-version":[{"id":993252,"href":"https:\/\/wp.adisoft.lt\/vtdko\/wp-json\/wp\/v2\/pages\/990006\/revisions\/993252"}],"up":[{"embeddable":true,"href":"https:\/\/wp.adisoft.lt\/vtdko\/wp-json\/wp\/v2\/pages\/989998"}],"wp:attachment":[{"href":"https:\/\/wp.adisoft.lt\/vtdko\/wp-json\/wp\/v2\/media?parent=990006"}],"curies":[{"name":"wp","href":"https:\/\/api.w.org\/{rel}","templated":true}]}}