{"id":990138,"date":"2022-10-20T13:01:00","date_gmt":"2022-10-20T10:01:00","guid":{"rendered":"https:\/\/wp.adisoft.lt\/vtdko\/?page_id=990138"},"modified":"2023-02-23T10:19:27","modified_gmt":"2023-02-23T07:19:27","slug":"istestiniu-studiju-tvarkarasciai","status":"publish","type":"page","link":"https:\/\/wp.adisoft.lt\/vtdko\/statybos-fakultetas\/istestiniu-studiju-tvarkarasciai\/","title":{"rendered":"Statybos fakulteto i\u0161t\u0119stini\u0173 studij\u0173 tvarkaras\u010diai"},"content":{"rendered":"\t\t<div data-elementor-type=\"wp-page\" data-elementor-id=\"990138\" class=\"elementor elementor-990138\">\n\t\t\t\t\t\t\t\t\t<section class=\"elementor-section elementor-top-section elementor-element elementor-element-dc6ff35 elementor-section-height-min-height elementor-section-boxed elementor-section-height-default elementor-section-items-middle\" data-id=\"dc6ff35\" data-element_type=\"section\" data-settings=\"{&quot;background_background&quot;:&quot;classic&quot;,&quot;animation&quot;:&quot;none&quot;}\">\n\t\t\t\t\t\t<div class=\"elementor-container elementor-column-gap-default\">\n\t\t\t\t\t<div class=\"elementor-column elementor-col-100 elementor-top-column elementor-element elementor-element-39b3622\" data-id=\"39b3622\" data-element_type=\"column\" data-settings=\"{&quot;background_background&quot;:&quot;classic&quot;}\">\n\t\t\t<div class=\"elementor-widget-wrap\">\n\t\t\t\t\t\t\t\t\t<\/div>\n\t\t<\/div>\n\t\t\t\t\t\t\t<\/div>\n\t\t<\/section>\n\t\t\t\t<section class=\"elementor-section elementor-top-section elementor-element elementor-element-8078803 elementor-section-boxed elementor-section-height-default elementor-section-height-default\" data-id=\"8078803\" data-element_type=\"section\" data-settings=\"{&quot;animation&quot;:&quot;none&quot;,&quot;animation_tablet&quot;:&quot;none&quot;,&quot;animation_mobile&quot;:&quot;none&quot;}\">\n\t\t\t\t\t\t<div class=\"elementor-container elementor-column-gap-no\">\n\t\t\t\t\t<div class=\"elementor-column elementor-col-50 elementor-top-column elementor-element elementor-element-b8747b3 animated-fast elementor-invisible\" data-id=\"b8747b3\" data-element_type=\"column\" data-settings=\"{&quot;background_background&quot;:&quot;classic&quot;,&quot;animation&quot;:&quot;fadeIn&quot;,&quot;animation_delay&quot;:100}\">\n\t\t\t<div class=\"elementor-widget-wrap elementor-element-populated\">\n\t\t\t\t\t\t\t\t<div class=\"elementor-element elementor-element-98d9274 elementor-widget__width-auto elementor-widget-tablet__width-auto elementor-widget-mobile__width-inherit elementor-widget elementor-widget-heading\" data-id=\"98d9274\" data-element_type=\"widget\" data-settings=\"{&quot;_animation&quot;:&quot;none&quot;,&quot;_animation_delay&quot;:200}\" data-widget_type=\"heading.heading_charityfy\">\n\t\t\t\t<div class=\"elementor-widget-container\">\n\t\t\t<h1 class=\"elementor-heading-title elementor-size-default\">I\u0161t\u0119stini\u0173 studij\u0173 tvarkaras\u010diai<\/h1>\t\t<\/div>\n\t\t\t\t<\/div>\n\t\t\t\t<div class=\"elementor-element elementor-element-8f70475 elementor-widget elementor-widget-text-editor\" data-id=\"8f70475\" data-element_type=\"widget\" data-settings=\"{&quot;_animation&quot;:&quot;none&quot;,&quot;_animation_delay&quot;:300}\" data-widget_type=\"text-editor.default\">\n\t\t\t\t<div class=\"elementor-widget-container\">\n\t\t\t\t\t\t\t<p>Vilniaus technologij\u0173 ir dizaino kolegija \u2013 \u010dia hobis virsta profesija!<\/p>\t\t\t\t\t\t<\/div>\n\t\t\t\t<\/div>\n\t\t\t\t\t<\/div>\n\t\t<\/div>\n\t\t\t\t<div class=\"elementor-column elementor-col-50 elementor-top-column elementor-element elementor-element-2356d26 elementor-hidden-desktop elementor-hidden-tablet elementor-hidden-phone\" data-id=\"2356d26\" data-element_type=\"column\">\n\t\t\t<div class=\"elementor-widget-wrap\">\n\t\t\t\t\t\t\t\t\t<\/div>\n\t\t<\/div>\n\t\t\t\t\t\t\t<\/div>\n\t\t<\/section>\n\t\t\t\t<section class=\"elementor-section elementor-top-section elementor-element elementor-element-8f37da3 elementor-section-boxed elementor-section-height-default elementor-section-height-default\" data-id=\"8f37da3\" data-element_type=\"section\">\n\t\t\t\t\t\t<div class=\"elementor-container elementor-column-gap-default\">\n\t\t\t\t\t<div class=\"elementor-column elementor-col-100 elementor-top-column elementor-element elementor-element-076b17f\" data-id=\"076b17f\" data-element_type=\"column\">\n\t\t\t<div class=\"elementor-widget-wrap elementor-element-populated\">\n\t\t\t\t\t\t\t\t<div class=\"elementor-element elementor-element-252135a elementor-widget elementor-widget-spacer\" data-id=\"252135a\" data-element_type=\"widget\" data-widget_type=\"spacer.default\">\n\t\t\t\t<div class=\"elementor-widget-container\">\n\t\t\t\t\t<div class=\"elementor-spacer\">\n\t\t\t<div class=\"elementor-spacer-inner\"><\/div>\n\t\t<\/div>\n\t\t\t\t<\/div>\n\t\t\t\t<\/div>\n\t\t\t\t<div class=\"elementor-element elementor-element-b5ff5f2 elementor-widget elementor-widget-text-editor\" data-id=\"b5ff5f2\" data-element_type=\"widget\" data-widget_type=\"text-editor.default\">\n\t\t\t\t<div class=\"elementor-widget-container\">\n\t\t\t\t\t\t\t<table class=\"table\"><tbody><tr><td>I kursas<\/td><td><ul><li><a href=\"https:\/\/wp.adisoft.lt\/vtdko\/wp-content\/uploads\/2022\/10\/SP22N-1_1_ptv.pdf\" target=\"_blank\" rel=\"noopener\"><strong>SP<\/strong><strong>22N-1<\/strong><\/a>\u00a0(sesijos laikas 2022-09-05\u00a0\u2013 2022-09-23)<\/li><li><a href=\"https:\/\/wp.adisoft.lt\/vtdko\/wp-content\/uploads\/2022\/10\/SS22N-1_1_ptv.pdf\" target=\"_blank\" rel=\"noopener\"><strong>SS22<\/strong><strong>N-1<\/strong><\/a><b>\u00a0<\/b>(sesijos laikas 2022-09-05\u00a0\u2013 2022-09-23)<\/li><li><a href=\"https:\/\/wp.adisoft.lt\/vtdko\/wp-content\/uploads\/2022\/10\/TL22N-1_1_ptv.pdf\" target=\"_blank\" rel=\"noopener\"><strong>TL22N-1<\/strong><\/a>\u00a0(sesijos laikas 2022-09-19\u00a0\u2013 2022-10-09)<\/li><\/ul><p><em>Paai\u0161kinimai:<\/em><br \/>SP22N-1 \u2013 studij\u0173 programa \u201eStatyba\u201c<br \/>SS22N-1 \u2013 studij\u0173 programa \u201eStatini\u0173 in\u017einerin\u0117s sistemos\u201c<br \/>TL22N-1 \u2013 studij\u0173 programa \u201eTransporto logistika\u201c<\/p><\/td><\/tr><tr><td>II kursas<\/td><td><ul><li><strong><a href=\"https:\/\/wp.adisoft.lt\/vtdko\/wp-content\/uploads\/2022\/10\/SP21N-1_1_ptv.pdf\" target=\"_blank\" rel=\"noopener\">SP21N-1<\/a>\u00a0<\/strong>(sesijos laikas 2022-09-12 \u2013 2022-09-30)<\/li><li><strong><a href=\"https:\/\/wp.adisoft.lt\/vtdko\/wp-content\/uploads\/2022\/10\/SS21N-1_1_ptv.pdf\" target=\"_blank\" rel=\"noopener\">SS21N-1<\/a>\u00a0<\/strong>(sesijos laikas 2022-10-03 \u2013 2022-10-23)<a href=\"https:\/\/vtdko.lt\/images\/SF\/Tvarkarasciai\/Nuolatines_studijos\/2017-2018\/II_kursas_kons_2018-04-10.jpg\"><br \/><\/a><\/li><li><strong><a href=\"https:\/\/wp.adisoft.lt\/vtdko\/wp-content\/uploads\/2022\/10\/TL21N-1_1_ptv_n.pdf\" target=\"_blank\" rel=\"noopener\">TL21N-1<\/a>\u00a0<\/strong>(sesijos laikas 2022-10-10 \u2013 2022-10-30)<\/li><\/ul><\/td><\/tr><tr><td>III kursas<\/td><td><ul><li><a href=\"https:\/\/wp.adisoft.lt\/vtdko\/wp-content\/uploads\/2022\/10\/SP20N-1_1_ptv.pdf\" target=\"_blank\" rel=\"noopener\"><strong>SP20N-1<\/strong><\/a>\u00a0(sesijos laikas 2022-09-19\u00a0\u2013 2022-10-09)<\/li><li><strong><a href=\"https:\/\/wp.adisoft.lt\/vtdko\/wp-content\/uploads\/2022\/10\/SS20N-1_1_ptv.pdf\" target=\"_blank\" rel=\"noopener\">SS20N-1<\/a>\u00a0<\/strong>(sesijos laikas 2022-09-12 \u2013 2022-09-30)<a href=\"https:\/\/vtdko.lt\/images\/SF\/Tvarkarasciai\/Nuolatines_studijos\/2017-2018\/II_kursas_kons_2018-04-10.jpg\"><br \/><\/a><\/li><li><strong><a href=\"https:\/\/wp.adisoft.lt\/vtdko\/wp-content\/uploads\/2022\/10\/TL-20N_1_ptv.pdf\" target=\"_blank\" rel=\"noopener\">TL20N-1<\/a>\u00a0(<\/strong>sesijos laikas 2022-10-03 \u2013 2022-10-23)<\/li><\/ul><\/td><\/tr><tr><td>IV kursas<\/td><td><ul><li><a href=\"https:\/\/wp.adisoft.lt\/vtdko\/wp-content\/uploads\/2022\/10\/SP19N_1_ptv__.pdf\" target=\"_blank\" rel=\"noopener\"><strong>SP19N\u00a0<\/strong><\/a>(sesijos laikas 2022-09-26 \u2013 2022-10-16)<\/li><li><a href=\"https:\/\/wp.adisoft.lt\/vtdko\/wp-content\/uploads\/2022\/10\/SS19N_1_ptv__.pdf\" target=\"_blank\" rel=\"noopener\"><strong>SS19N\u00a0<\/strong><\/a>(sesijos laikas 2022-09-26 \u2013 2022-10-16)<\/li><li><a href=\"https:\/\/wp.adisoft.lt\/vtdko\/wp-content\/uploads\/2022\/10\/GL19N_1__ptv.pdf\" target=\"_blank\" rel=\"noopener\"><strong>GL19N<\/strong><\/a>\u00a0(sesijos laikas 2022-09-05\u00a0\u2013 2022-09-23)<\/li><\/ul><\/td><\/tr><\/tbody><\/table><ul><li><a href=\"https:\/\/wp.adisoft.lt\/vtdko\/wp-content\/uploads\/2022\/10\/SF_konsultaciju_grafikas_2022-2023_ruduo-1.pdf\" target=\"_blank\" rel=\"noopener\"><strong>2022-2023 s. m. rudens semestro\u00a0student\u0173 konsultavimo grafikas<\/strong><\/a><\/li><li><strong>Papildomos konsultacin\u0117s paskaitos \u017eini\u0173 pagilinimui ir \u012ftvirtinimui I kurso studentams<br \/><em>Taikomoji fizika<\/em>:\u00a0<\/strong>pirmadieniais 18.00 val. MS Teams (d\u0117st. dr. M.Pe\u010diulien\u0117)<strong><br \/><em>Matematika\/Verslo matematika<\/em>:\u00a0<\/strong>ketvirtadieniais 8.00 val. (1 stud. sav.), 15.40 val. (2 stud.sav.) 306 aud. ir MS Teams (d\u0117st. dr. L.Gudelyt\u0117-\u017dilinskien\u0117)<\/li><li><strong><a href=\"https:\/\/wp.adisoft.lt\/vtdko\/wp-content\/uploads\/2022\/10\/Akad_skolu__graf_2021-2022_4_kursas_is\u030cte\u0328stine\u0307s_studijos.pdf\" target=\"_blank\" rel=\"noopener\">2021-2022 s.m. pavasario semestro skol\u0173 likvidavimo terminai (IV kursas)<\/a><\/strong><\/li><\/ul><ul><li><a href=\"https:\/\/wp.adisoft.lt\/vtdko\/wp-content\/uploads\/2022\/10\/ak_skolu_laik_terminai_IS_1-2-3k._2021-22_pavas-scaled.jpg\" target=\"_blank\" rel=\"noopener\"><strong>2021-2022 s.m. pavasario semestro akademini\u0173 skol\u0173 likvidavimo terminai (I &#8211; III kursai)<\/strong><\/a><\/li><\/ul><p>\u00a0<\/p><ul><li><strong>Baigiamojo<\/strong><a href=\"https:\/\/vtdko.lt\/images\/SF\/Tvarkarasciai\/Papildoma_informacija_studentams\/2021-2022\/akad_skolu_terminai_ptv.pdf\">\u00a0<\/a><strong>darbo r<\/strong><strong>engimo grafikas<\/strong>:<ul><li>Studij\u0173 program\u0173 \u201eKeli\u0173 in\u017einerija\u201c, \u201eStatini\u0173 in\u017einerin\u0117s sistemos\u201c, \u201eStatyba\u201c studentams\u00a0<\/li><li>Studij\u0173 programos \u201eTransporto logistika\u201c studentams<\/li><\/ul><\/li><\/ul><ul><li><strong>Baigiam\u0173j\u0173 darb\u0173 gynimo grafikas Kvalifikavimo komisijoje<\/strong>\u00a0<\/li><\/ul>\t\t\t\t\t\t<\/div>\n\t\t\t\t<\/div>\n\t\t\t\t\t<\/div>\n\t\t<\/div>\n\t\t\t\t\t\t\t<\/div>\n\t\t<\/section>\n\t\t\t\t<section class=\"elementor-section elementor-top-section elementor-element elementor-element-1f02244 elementor-section-boxed elementor-section-height-default elementor-section-height-default\" data-id=\"1f02244\" data-element_type=\"section\">\n\t\t\t\t\t\t<div class=\"elementor-container elementor-column-gap-default\">\n\t\t\t\t\t<div class=\"elementor-column elementor-col-100 elementor-top-column elementor-element elementor-element-594ffb4\" data-id=\"594ffb4\" data-element_type=\"column\">\n\t\t\t<div class=\"elementor-widget-wrap elementor-element-populated\">\n\t\t\t\t\t\t\t\t<div class=\"elementor-element elementor-element-ac625bb elementor-widget elementor-widget-spacer\" data-id=\"ac625bb\" data-element_type=\"widget\" data-widget_type=\"spacer.default\">\n\t\t\t\t<div class=\"elementor-widget-container\">\n\t\t\t\t\t<div class=\"elementor-spacer\">\n\t\t\t<div class=\"elementor-spacer-inner\"><\/div>\n\t\t<\/div>\n\t\t\t\t<\/div>\n\t\t\t\t<\/div>\n\t\t\t\t\t<\/div>\n\t\t<\/div>\n\t\t\t\t\t\t\t<\/div>\n\t\t<\/section>\n\t\t\t\t\t\t\t<\/div>\n\t\t","protected":false},"excerpt":{"rendered":"<p>I\u0161t\u0119stini\u0173 studij\u0173 tvarkaras\u010diai Vilniaus technologij\u0173 ir dizaino kolegija \u2013 \u010dia hobis virsta profesija! I kursas SP22N-1\u00a0(sesijos laikas 2022-09-05\u00a0\u2013 2022-09-23) SS22N-1\u00a0(sesijos laikas 2022-09-05\u00a0\u2013 2022-09-23) TL22N-1\u00a0(sesijos laikas 2022-09-19\u00a0\u2013 2022-10-09) Paai\u0161kinimai:SP22N-1 \u2013 studij\u0173 programa \u201eStatyba\u201cSS22N-1 \u2013 studij\u0173 programa \u201eStatini\u0173 in\u017einerin\u0117s sistemos\u201cTL22N-1 \u2013 studij\u0173 programa \u201eTransporto logistika\u201c II kursas SP21N-1\u00a0(sesijos laikas 2022-09-12 \u2013 2022-09-30) SS21N-1\u00a0(sesijos laikas 2022-10-03 \u2013 2022-10-23)&#8230;<\/p>\n","protected":false},"author":1,"featured_media":0,"parent":989998,"menu_order":0,"comment_status":"closed","ping_status":"closed","template":"","meta":{"inline_featured_image":false,"footnotes":""},"class_list":["post-990138","page","type-page","status-publish","hentry"],"yoast_head":"<!-- This site is optimized with the Yoast SEO plugin v19.12 - https:\/\/yoast.com\/wordpress\/plugins\/seo\/ -->\n<title>Statybos fakulteto i\u0161t\u0119stini\u0173 studij\u0173 tvarkaras\u010diai - vtdko<\/title>\n<meta name=\"robots\" content=\"noindex, follow, max-snippet:-1, max-image-preview:large, max-video-preview:-1\" \/>\n<meta property=\"og:locale\" content=\"lt_LT\" \/>\n<meta property=\"og:type\" content=\"article\" \/>\n<meta property=\"og:title\" content=\"Statybos fakulteto i\u0161t\u0119stini\u0173 studij\u0173 tvarkaras\u010diai - vtdko\" \/>\n<meta property=\"og:description\" content=\"I\u0161t\u0119stini\u0173 studij\u0173 tvarkaras\u010diai Vilniaus technologij\u0173 ir dizaino kolegija \u2013 \u010dia hobis virsta profesija! I kursas SP22N-1\u00a0(sesijos laikas 2022-09-05\u00a0\u2013 2022-09-23) SS22N-1\u00a0(sesijos laikas 2022-09-05\u00a0\u2013 2022-09-23) TL22N-1\u00a0(sesijos laikas 2022-09-19\u00a0\u2013 2022-10-09) Paai\u0161kinimai:SP22N-1 \u2013 studij\u0173 programa \u201eStatyba\u201cSS22N-1 \u2013 studij\u0173 programa \u201eStatini\u0173 in\u017einerin\u0117s sistemos\u201cTL22N-1 \u2013 studij\u0173 programa \u201eTransporto logistika\u201c II kursas SP21N-1\u00a0(sesijos laikas 2022-09-12 \u2013 2022-09-30) SS21N-1\u00a0(sesijos laikas 2022-10-03 \u2013 2022-10-23)...\" \/>\n<meta property=\"og:url\" content=\"https:\/\/wp.adisoft.lt\/vtdko\/statybos-fakultetas\/istestiniu-studiju-tvarkarasciai\/\" \/>\n<meta property=\"og:site_name\" content=\"vtdko\" \/>\n<meta property=\"article:modified_time\" content=\"2023-02-23T07:19:27+00:00\" \/>\n<meta name=\"twitter:card\" content=\"summary_large_image\" \/>\n<meta name=\"twitter:label1\" content=\"Est. reading time\" \/>\n\t<meta name=\"twitter:data1\" content=\"2 minut\u0117s\" \/>\n<script type=\"application\/ld+json\" class=\"yoast-schema-graph\">{\"@context\":\"https:\/\/schema.org\",\"@graph\":[{\"@type\":\"WebPage\",\"@id\":\"https:\/\/wp.adisoft.lt\/vtdko\/statybos-fakultetas\/istestiniu-studiju-tvarkarasciai\/\",\"url\":\"https:\/\/wp.adisoft.lt\/vtdko\/statybos-fakultetas\/istestiniu-studiju-tvarkarasciai\/\",\"name\":\"Statybos fakulteto i\u0161t\u0119stini\u0173 studij\u0173 tvarkaras\u010diai - vtdko\",\"isPartOf\":{\"@id\":\"https:\/\/wp.adisoft.lt\/vtdko\/#website\"},\"datePublished\":\"2022-10-20T10:01:00+00:00\",\"dateModified\":\"2023-02-23T07:19:27+00:00\",\"breadcrumb\":{\"@id\":\"https:\/\/wp.adisoft.lt\/vtdko\/statybos-fakultetas\/istestiniu-studiju-tvarkarasciai\/#breadcrumb\"},\"inLanguage\":\"lt-LT\",\"potentialAction\":[{\"@type\":\"ReadAction\",\"target\":[\"https:\/\/wp.adisoft.lt\/vtdko\/statybos-fakultetas\/istestiniu-studiju-tvarkarasciai\/\"]}]},{\"@type\":\"BreadcrumbList\",\"@id\":\"https:\/\/wp.adisoft.lt\/vtdko\/statybos-fakultetas\/istestiniu-studiju-tvarkarasciai\/#breadcrumb\",\"itemListElement\":[{\"@type\":\"ListItem\",\"position\":1,\"name\":\"Pagrindinis\",\"item\":\"https:\/\/wp.adisoft.lt\/vtdko\/\"},{\"@type\":\"ListItem\",\"position\":2,\"name\":\"Statybos fakultetas\",\"item\":\"https:\/\/wp.adisoft.lt\/vtdko\/statybos-fakultetas\/\"},{\"@type\":\"ListItem\",\"position\":3,\"name\":\"Statybos fakulteto i\u0161t\u0119stini\u0173 studij\u0173 tvarkaras\u010diai\"}]},{\"@type\":\"WebSite\",\"@id\":\"https:\/\/wp.adisoft.lt\/vtdko\/#website\",\"url\":\"https:\/\/wp.adisoft.lt\/vtdko\/\",\"name\":\"vtdko\",\"description\":\"Vilniaus technologij\u0173 ir dizaino kolegija\",\"publisher\":{\"@id\":\"https:\/\/wp.adisoft.lt\/vtdko\/#organization\"},\"potentialAction\":[{\"@type\":\"SearchAction\",\"target\":{\"@type\":\"EntryPoint\",\"urlTemplate\":\"https:\/\/wp.adisoft.lt\/vtdko\/?s={search_term_string}\"},\"query-input\":\"required name=search_term_string\"}],\"inLanguage\":\"lt-LT\"},{\"@type\":\"Organization\",\"@id\":\"https:\/\/wp.adisoft.lt\/vtdko\/#organization\",\"name\":\"vtdko\",\"url\":\"https:\/\/wp.adisoft.lt\/vtdko\/\",\"logo\":{\"@type\":\"ImageObject\",\"inLanguage\":\"lt-LT\",\"@id\":\"https:\/\/wp.adisoft.lt\/vtdko\/#\/schema\/logo\/image\/\",\"url\":\"https:\/\/wp.adisoft.lt\/vtdko\/wp-content\/uploads\/2020\/02\/Logo-su-tekstu-01.svg\",\"contentUrl\":\"https:\/\/wp.adisoft.lt\/vtdko\/wp-content\/uploads\/2020\/02\/Logo-su-tekstu-01.svg\",\"width\":151,\"height\":74,\"caption\":\"vtdko\"},\"image\":{\"@id\":\"https:\/\/wp.adisoft.lt\/vtdko\/#\/schema\/logo\/image\/\"}}]}<\/script>\n<!-- \/ Yoast SEO plugin. -->","yoast_head_json":{"title":"Statybos fakulteto i\u0161t\u0119stini\u0173 studij\u0173 tvarkaras\u010diai - vtdko","robots":{"index":"noindex","follow":"follow","max-snippet":"max-snippet:-1","max-image-preview":"max-image-preview:large","max-video-preview":"max-video-preview:-1"},"og_locale":"lt_LT","og_type":"article","og_title":"Statybos fakulteto i\u0161t\u0119stini\u0173 studij\u0173 tvarkaras\u010diai - vtdko","og_description":"I\u0161t\u0119stini\u0173 studij\u0173 tvarkaras\u010diai Vilniaus technologij\u0173 ir dizaino kolegija \u2013 \u010dia hobis virsta profesija! I kursas SP22N-1\u00a0(sesijos laikas 2022-09-05\u00a0\u2013 2022-09-23) SS22N-1\u00a0(sesijos laikas 2022-09-05\u00a0\u2013 2022-09-23) TL22N-1\u00a0(sesijos laikas 2022-09-19\u00a0\u2013 2022-10-09) Paai\u0161kinimai:SP22N-1 \u2013 studij\u0173 programa \u201eStatyba\u201cSS22N-1 \u2013 studij\u0173 programa \u201eStatini\u0173 in\u017einerin\u0117s sistemos\u201cTL22N-1 \u2013 studij\u0173 programa \u201eTransporto logistika\u201c II kursas SP21N-1\u00a0(sesijos laikas 2022-09-12 \u2013 2022-09-30) SS21N-1\u00a0(sesijos laikas 2022-10-03 \u2013 2022-10-23)...","og_url":"https:\/\/wp.adisoft.lt\/vtdko\/statybos-fakultetas\/istestiniu-studiju-tvarkarasciai\/","og_site_name":"vtdko","article_modified_time":"2023-02-23T07:19:27+00:00","twitter_card":"summary_large_image","twitter_misc":{"Est. reading time":"2 minut\u0117s"},"schema":{"@context":"https:\/\/schema.org","@graph":[{"@type":"WebPage","@id":"https:\/\/wp.adisoft.lt\/vtdko\/statybos-fakultetas\/istestiniu-studiju-tvarkarasciai\/","url":"https:\/\/wp.adisoft.lt\/vtdko\/statybos-fakultetas\/istestiniu-studiju-tvarkarasciai\/","name":"Statybos fakulteto i\u0161t\u0119stini\u0173 studij\u0173 tvarkaras\u010diai - vtdko","isPartOf":{"@id":"https:\/\/wp.adisoft.lt\/vtdko\/#website"},"datePublished":"2022-10-20T10:01:00+00:00","dateModified":"2023-02-23T07:19:27+00:00","breadcrumb":{"@id":"https:\/\/wp.adisoft.lt\/vtdko\/statybos-fakultetas\/istestiniu-studiju-tvarkarasciai\/#breadcrumb"},"inLanguage":"lt-LT","potentialAction":[{"@type":"ReadAction","target":["https:\/\/wp.adisoft.lt\/vtdko\/statybos-fakultetas\/istestiniu-studiju-tvarkarasciai\/"]}]},{"@type":"BreadcrumbList","@id":"https:\/\/wp.adisoft.lt\/vtdko\/statybos-fakultetas\/istestiniu-studiju-tvarkarasciai\/#breadcrumb","itemListElement":[{"@type":"ListItem","position":1,"name":"Pagrindinis","item":"https:\/\/wp.adisoft.lt\/vtdko\/"},{"@type":"ListItem","position":2,"name":"Statybos fakultetas","item":"https:\/\/wp.adisoft.lt\/vtdko\/statybos-fakultetas\/"},{"@type":"ListItem","position":3,"name":"Statybos fakulteto i\u0161t\u0119stini\u0173 studij\u0173 tvarkaras\u010diai"}]},{"@type":"WebSite","@id":"https:\/\/wp.adisoft.lt\/vtdko\/#website","url":"https:\/\/wp.adisoft.lt\/vtdko\/","name":"vtdko","description":"Vilniaus technologij\u0173 ir dizaino kolegija","publisher":{"@id":"https:\/\/wp.adisoft.lt\/vtdko\/#organization"},"potentialAction":[{"@type":"SearchAction","target":{"@type":"EntryPoint","urlTemplate":"https:\/\/wp.adisoft.lt\/vtdko\/?s={search_term_string}"},"query-input":"required name=search_term_string"}],"inLanguage":"lt-LT"},{"@type":"Organization","@id":"https:\/\/wp.adisoft.lt\/vtdko\/#organization","name":"vtdko","url":"https:\/\/wp.adisoft.lt\/vtdko\/","logo":{"@type":"ImageObject","inLanguage":"lt-LT","@id":"https:\/\/wp.adisoft.lt\/vtdko\/#\/schema\/logo\/image\/","url":"https:\/\/wp.adisoft.lt\/vtdko\/wp-content\/uploads\/2020\/02\/Logo-su-tekstu-01.svg","contentUrl":"https:\/\/wp.adisoft.lt\/vtdko\/wp-content\/uploads\/2020\/02\/Logo-su-tekstu-01.svg","width":151,"height":74,"caption":"vtdko"},"image":{"@id":"https:\/\/wp.adisoft.lt\/vtdko\/#\/schema\/logo\/image\/"}}]}},"_links":{"self":[{"href":"https:\/\/wp.adisoft.lt\/vtdko\/wp-json\/wp\/v2\/pages\/990138","targetHints":{"allow":["GET"]}}],"collection":[{"href":"https:\/\/wp.adisoft.lt\/vtdko\/wp-json\/wp\/v2\/pages"}],"about":[{"href":"https:\/\/wp.adisoft.lt\/vtdko\/wp-json\/wp\/v2\/types\/page"}],"author":[{"embeddable":true,"href":"https:\/\/wp.adisoft.lt\/vtdko\/wp-json\/wp\/v2\/users\/1"}],"replies":[{"embeddable":true,"href":"https:\/\/wp.adisoft.lt\/vtdko\/wp-json\/wp\/v2\/comments?post=990138"}],"version-history":[{"count":13,"href":"https:\/\/wp.adisoft.lt\/vtdko\/wp-json\/wp\/v2\/pages\/990138\/revisions"}],"predecessor-version":[{"id":1000245,"href":"https:\/\/wp.adisoft.lt\/vtdko\/wp-json\/wp\/v2\/pages\/990138\/revisions\/1000245"}],"up":[{"embeddable":true,"href":"https:\/\/wp.adisoft.lt\/vtdko\/wp-json\/wp\/v2\/pages\/989998"}],"wp:attachment":[{"href":"https:\/\/wp.adisoft.lt\/vtdko\/wp-json\/wp\/v2\/media?parent=990138"}],"curies":[{"name":"wp","href":"https:\/\/api.w.org\/{rel}","templated":true}]}}