{"id":990550,"date":"2022-10-24T13:41:24","date_gmt":"2022-10-24T10:41:24","guid":{"rendered":"https:\/\/wp.adisoft.lt\/vtdko\/?page_id=990550"},"modified":"2022-12-16T22:37:46","modified_gmt":"2022-12-16T19:37:46","slug":"studentams","status":"publish","type":"page","link":"https:\/\/wp.adisoft.lt\/vtdko\/visuomenei\/karjeros-centras\/studentams\/","title":{"rendered":"Karjeros centras studentams"},"content":{"rendered":"\t\t<div data-elementor-type=\"wp-page\" data-elementor-id=\"990550\" class=\"elementor elementor-990550\">\n\t\t\t\t\t\t\t\t\t<section class=\"elementor-section elementor-top-section elementor-element elementor-element-5d69f46 elementor-section-height-min-height elementor-section-boxed elementor-section-height-default elementor-section-items-middle\" data-id=\"5d69f46\" data-element_type=\"section\" data-settings=\"{&quot;background_background&quot;:&quot;classic&quot;,&quot;animation&quot;:&quot;none&quot;}\">\n\t\t\t\t\t\t<div class=\"elementor-container elementor-column-gap-default\">\n\t\t\t\t\t<div class=\"elementor-column elementor-col-100 elementor-top-column elementor-element elementor-element-6fc0376\" data-id=\"6fc0376\" data-element_type=\"column\" data-settings=\"{&quot;background_background&quot;:&quot;classic&quot;}\">\n\t\t\t<div class=\"elementor-widget-wrap\">\n\t\t\t\t\t\t\t\t\t<\/div>\n\t\t<\/div>\n\t\t\t\t\t\t\t<\/div>\n\t\t<\/section>\n\t\t\t\t<section class=\"elementor-section elementor-top-section elementor-element elementor-element-8dd4bd6 elementor-section-boxed elementor-section-height-default elementor-section-height-default\" data-id=\"8dd4bd6\" data-element_type=\"section\" data-settings=\"{&quot;animation&quot;:&quot;none&quot;,&quot;animation_tablet&quot;:&quot;none&quot;,&quot;animation_mobile&quot;:&quot;none&quot;}\">\n\t\t\t\t\t\t<div class=\"elementor-container elementor-column-gap-no\">\n\t\t\t\t\t<div class=\"elementor-column elementor-col-50 elementor-top-column elementor-element elementor-element-7ed10d4 animated-fast elementor-invisible\" data-id=\"7ed10d4\" data-element_type=\"column\" data-settings=\"{&quot;background_background&quot;:&quot;classic&quot;,&quot;animation&quot;:&quot;fadeIn&quot;,&quot;animation_delay&quot;:100}\">\n\t\t\t<div class=\"elementor-widget-wrap elementor-element-populated\">\n\t\t\t\t\t\t\t\t<div class=\"elementor-element elementor-element-2d243d9 elementor-widget elementor-widget-text-editor\" data-id=\"2d243d9\" data-element_type=\"widget\" data-settings=\"{&quot;_animation&quot;:&quot;none&quot;,&quot;_animation_delay&quot;:300}\" data-widget_type=\"text-editor.default\">\n\t\t\t\t<div class=\"elementor-widget-container\">\n\t\t\t\t\t\t\t<p>Vilniaus technologij\u0173 ir dizaino kolegija \u2013 \u010dia hobis virsta profesija!<\/p>\t\t\t\t\t\t<\/div>\n\t\t\t\t<\/div>\n\t\t\t\t\t<\/div>\n\t\t<\/div>\n\t\t\t\t<div class=\"elementor-column elementor-col-50 elementor-top-column elementor-element elementor-element-a334782 elementor-hidden-desktop elementor-hidden-tablet elementor-hidden-phone\" data-id=\"a334782\" data-element_type=\"column\">\n\t\t\t<div class=\"elementor-widget-wrap\">\n\t\t\t\t\t\t\t\t\t<\/div>\n\t\t<\/div>\n\t\t\t\t\t\t\t<\/div>\n\t\t<\/section>\n\t\t\t\t<section class=\"elementor-section elementor-top-section elementor-element elementor-element-8f37da3 elementor-section-boxed elementor-section-height-default elementor-section-height-default\" data-id=\"8f37da3\" data-element_type=\"section\">\n\t\t\t\t\t\t<div class=\"elementor-container elementor-column-gap-default\">\n\t\t\t\t\t<div class=\"elementor-column elementor-col-100 elementor-top-column elementor-element elementor-element-076b17f\" data-id=\"076b17f\" data-element_type=\"column\">\n\t\t\t<div class=\"elementor-widget-wrap elementor-element-populated\">\n\t\t\t\t\t\t\t\t<div class=\"elementor-element elementor-element-3226a0c elementor-widget elementor-widget-spacer\" data-id=\"3226a0c\" data-element_type=\"widget\" data-widget_type=\"spacer.default\">\n\t\t\t\t<div class=\"elementor-widget-container\">\n\t\t\t\t\t<div class=\"elementor-spacer\">\n\t\t\t<div class=\"elementor-spacer-inner\"><\/div>\n\t\t<\/div>\n\t\t\t\t<\/div>\n\t\t\t\t<\/div>\n\t\t\t\t<div class=\"elementor-element elementor-element-b5ff5f2 elementor-widget elementor-widget-text-editor\" data-id=\"b5ff5f2\" data-element_type=\"widget\" data-widget_type=\"text-editor.default\">\n\t\t\t\t<div class=\"elementor-widget-container\">\n\t\t\t\t\t\t\t<div class=\"category-desc clearfix\"><p>Lotyn\u0173 kalboje \u017eodis karjera (lot. Carraria) rei\u0161kia \u017emogaus gyvenimo kelias. \u017dmogaus pasirinkimas, k\u0105 mokintis, kokiais papildomais dalykais u\u017esiimti, kaip planuoti savo karjer\u0105, yra labai svarbus.<\/p><p>Nuolat besikei\u010dian\u010diame pasaulyje kinta darbo vietos pob\u016bdis, profesij\u0173 paklausa. Konkurencija tarp potenciali\u0173 darbuotoj\u0173 vis did\u0117ja, tod\u0117l tas, kuris planuos kiekvien\u0105 savo karjeros \u017eingsn\u012f, bus prana\u0161esnis u\u017e t\u0105, kuris pasikliauja vien savo intuicija ir eina lengviausiu gyvenimo keliu. Stichi\u0161kai karjer\u0105 pasiekti sud\u0117tinga.<\/p><p>Vilniaus technologij\u0173 ir dizaino kolegija, rimtai \u017ei\u016brinti \u012f pirmo karjeros planavimo \u017eingsnio svarb\u0105, \u012fk\u016br\u0117 Karjeros centr\u0105. Per Kolegijos ir verslo \u012fmoni\u0173 dvi\u0161al\u012f bendradarbiavim\u0105 sieks pad\u0117ti studentams kuo anks\u010diau planuoti karjeros kryptis sudarant profesin\u0117s karjeros galimybes.<\/p><p>Karjeros centro veikla:<\/p><ul><li>skatinti karjeros planavim\u0105 supa\u017eindinti studentus su profesin\u0117s karjeros galimyb\u0117mis<\/li><li>analizuoti darbo rinkos tendencijas bei kaupti informacij\u0105 apie situacij\u0105 darbo rinkoje<\/li><li>steb\u0117ti ir analizuoti absolvent\u0173 pad\u0117t\u012f darbo rinkoje<\/li><li>teikti informacin\u0119, metodin\u0119 ir konsultacin\u0119 pagalb\u0105 pasirengimo darbo rinkai bei \u012fsidarbinimo klausimais<\/li><li>u\u017emegzti ir palaikyti glaud\u017eius ry\u0161ius tarp Kolegijos bendruomen\u0117s ir darbdavi\u0173<\/li><\/ul><\/div><div class=\"items-leading clearfix\"><div class=\"leading-0\"><div class=\"item clearfix\"><div class=\"heading\"><p><a href=\"https:\/\/wp.adisoft.lt\/vtdko\/visuomenei\/karjeros-centras\/studentams\/kvieciame-studentus-registruotis-i-individualias-ir-grupems-organizuojamas-konsultacijas\/\">Kvie\u010diame studentus registruotis \u012f individualias ir grup\u0117ms organizuojamas konsultacijas<\/a><br \/><br \/><\/p><\/div><\/div><\/div><div class=\"leading-1\"><div class=\"item clearfix\"><div class=\"heading\"><p><a href=\"https:\/\/wp.adisoft.lt\/vtdko\/visuomenei\/karjeros-centras\/studentams\/laba-diena\/\">Kvie\u010diame i\u0161bandyti Lietuvos auk\u0161t\u0173j\u0173 mokykl\u0173 student\u0173 karjeros valdymo informacin\u0117s sistem\u0105<\/a><br \/><br \/><\/p><\/div><\/div><\/div><div class=\"leading-2\"><div class=\"item clearfix\"><div class=\"heading\"><p><a href=\"https:\/\/wp.adisoft.lt\/vtdko\/visuomenei\/karjeros-centras\/studentams\/potencialus-darbdaviai\/\">Darbo paie\u0161kas prad\u0117k \u010dia!<\/a><br \/><br \/><\/p><\/div><\/div><\/div><div class=\"leading-3\"><div class=\"item clearfix\"><div class=\"heading\"><a href=\"https:\/\/wp.adisoft.lt\/vtdko\/visuomenei\/karjeros-centras\/studentams\/tavo-karjeros-startas\/\">Tavo karjeros startas!<\/a><\/div><\/div><\/div><\/div>\t\t\t\t\t\t<\/div>\n\t\t\t\t<\/div>\n\t\t\t\t\t<\/div>\n\t\t<\/div>\n\t\t\t\t\t\t\t<\/div>\n\t\t<\/section>\n\t\t\t\t<section class=\"elementor-section elementor-top-section elementor-element elementor-element-6301453 elementor-section-boxed elementor-section-height-default elementor-section-height-default\" data-id=\"6301453\" data-element_type=\"section\">\n\t\t\t\t\t\t<div class=\"elementor-container elementor-column-gap-default\">\n\t\t\t\t\t<div class=\"elementor-column elementor-col-100 elementor-top-column elementor-element elementor-element-47dd1de\" data-id=\"47dd1de\" data-element_type=\"column\">\n\t\t\t<div class=\"elementor-widget-wrap elementor-element-populated\">\n\t\t\t\t\t\t\t\t<div class=\"elementor-element elementor-element-0a39ac1 elementor-widget elementor-widget-spacer\" data-id=\"0a39ac1\" data-element_type=\"widget\" data-widget_type=\"spacer.default\">\n\t\t\t\t<div class=\"elementor-widget-container\">\n\t\t\t\t\t<div class=\"elementor-spacer\">\n\t\t\t<div class=\"elementor-spacer-inner\"><\/div>\n\t\t<\/div>\n\t\t\t\t<\/div>\n\t\t\t\t<\/div>\n\t\t\t\t\t<\/div>\n\t\t<\/div>\n\t\t\t\t\t\t\t<\/div>\n\t\t<\/section>\n\t\t\t\t\t\t\t<\/div>\n\t\t","protected":false},"excerpt":{"rendered":"<p>Vilniaus technologij\u0173 ir dizaino kolegija \u2013 \u010dia hobis virsta profesija! Lotyn\u0173 kalboje \u017eodis karjera (lot. Carraria) rei\u0161kia \u017emogaus gyvenimo kelias. \u017dmogaus pasirinkimas, k\u0105 mokintis, kokiais papildomais dalykais u\u017esiimti, kaip planuoti savo karjer\u0105, yra labai svarbus. Nuolat besikei\u010dian\u010diame pasaulyje kinta darbo vietos pob\u016bdis, profesij\u0173 paklausa. Konkurencija tarp potenciali\u0173 darbuotoj\u0173 vis did\u0117ja, tod\u0117l tas, kuris planuos kiekvien\u0105&#8230;<\/p>\n","protected":false},"author":1,"featured_media":0,"parent":990545,"menu_order":0,"comment_status":"closed","ping_status":"closed","template":"","meta":{"inline_featured_image":false,"footnotes":""},"class_list":["post-990550","page","type-page","status-publish","hentry"],"yoast_head":"<!-- This site is optimized with the Yoast SEO plugin v19.12 - https:\/\/yoast.com\/wordpress\/plugins\/seo\/ -->\n<title>Karjeros centras studentams - vtdko<\/title>\n<meta name=\"robots\" content=\"noindex, follow, max-snippet:-1, max-image-preview:large, max-video-preview:-1\" \/>\n<meta property=\"og:locale\" content=\"lt_LT\" \/>\n<meta property=\"og:type\" content=\"article\" \/>\n<meta property=\"og:title\" content=\"Karjeros centras studentams - vtdko\" \/>\n<meta property=\"og:description\" content=\"Vilniaus technologij\u0173 ir dizaino kolegija \u2013 \u010dia hobis virsta profesija! Lotyn\u0173 kalboje \u017eodis karjera (lot. Carraria) rei\u0161kia \u017emogaus gyvenimo kelias. \u017dmogaus pasirinkimas, k\u0105 mokintis, kokiais papildomais dalykais u\u017esiimti, kaip planuoti savo karjer\u0105, yra labai svarbus. Nuolat besikei\u010dian\u010diame pasaulyje kinta darbo vietos pob\u016bdis, profesij\u0173 paklausa. Konkurencija tarp potenciali\u0173 darbuotoj\u0173 vis did\u0117ja, tod\u0117l tas, kuris planuos kiekvien\u0105...\" \/>\n<meta property=\"og:url\" content=\"https:\/\/wp.adisoft.lt\/vtdko\/visuomenei\/karjeros-centras\/studentams\/\" \/>\n<meta property=\"og:site_name\" content=\"vtdko\" \/>\n<meta property=\"article:modified_time\" content=\"2022-12-16T19:37:46+00:00\" \/>\n<meta name=\"twitter:card\" content=\"summary_large_image\" \/>\n<meta name=\"twitter:label1\" content=\"Est. reading time\" \/>\n\t<meta name=\"twitter:data1\" content=\"1 minut\u0117\" \/>\n<script type=\"application\/ld+json\" class=\"yoast-schema-graph\">{\"@context\":\"https:\/\/schema.org\",\"@graph\":[{\"@type\":\"WebPage\",\"@id\":\"https:\/\/wp.adisoft.lt\/vtdko\/visuomenei\/karjeros-centras\/studentams\/\",\"url\":\"https:\/\/wp.adisoft.lt\/vtdko\/visuomenei\/karjeros-centras\/studentams\/\",\"name\":\"Karjeros centras studentams - vtdko\",\"isPartOf\":{\"@id\":\"https:\/\/wp.adisoft.lt\/vtdko\/#website\"},\"datePublished\":\"2022-10-24T10:41:24+00:00\",\"dateModified\":\"2022-12-16T19:37:46+00:00\",\"breadcrumb\":{\"@id\":\"https:\/\/wp.adisoft.lt\/vtdko\/visuomenei\/karjeros-centras\/studentams\/#breadcrumb\"},\"inLanguage\":\"lt-LT\",\"potentialAction\":[{\"@type\":\"ReadAction\",\"target\":[\"https:\/\/wp.adisoft.lt\/vtdko\/visuomenei\/karjeros-centras\/studentams\/\"]}]},{\"@type\":\"BreadcrumbList\",\"@id\":\"https:\/\/wp.adisoft.lt\/vtdko\/visuomenei\/karjeros-centras\/studentams\/#breadcrumb\",\"itemListElement\":[{\"@type\":\"ListItem\",\"position\":1,\"name\":\"Pagrindinis\",\"item\":\"https:\/\/wp.adisoft.lt\/vtdko\/\"},{\"@type\":\"ListItem\",\"position\":2,\"name\":\"Visuomenei\",\"item\":\"https:\/\/wp.adisoft.lt\/vtdko\/visuomenei\/\"},{\"@type\":\"ListItem\",\"position\":3,\"name\":\"Karjeros centras\",\"item\":\"https:\/\/wp.adisoft.lt\/vtdko\/visuomenei\/karjeros-centras\/\"},{\"@type\":\"ListItem\",\"position\":4,\"name\":\"Karjeros centras studentams\"}]},{\"@type\":\"WebSite\",\"@id\":\"https:\/\/wp.adisoft.lt\/vtdko\/#website\",\"url\":\"https:\/\/wp.adisoft.lt\/vtdko\/\",\"name\":\"vtdko\",\"description\":\"Vilniaus technologij\u0173 ir dizaino kolegija\",\"publisher\":{\"@id\":\"https:\/\/wp.adisoft.lt\/vtdko\/#organization\"},\"potentialAction\":[{\"@type\":\"SearchAction\",\"target\":{\"@type\":\"EntryPoint\",\"urlTemplate\":\"https:\/\/wp.adisoft.lt\/vtdko\/?s={search_term_string}\"},\"query-input\":\"required name=search_term_string\"}],\"inLanguage\":\"lt-LT\"},{\"@type\":\"Organization\",\"@id\":\"https:\/\/wp.adisoft.lt\/vtdko\/#organization\",\"name\":\"vtdko\",\"url\":\"https:\/\/wp.adisoft.lt\/vtdko\/\",\"logo\":{\"@type\":\"ImageObject\",\"inLanguage\":\"lt-LT\",\"@id\":\"https:\/\/wp.adisoft.lt\/vtdko\/#\/schema\/logo\/image\/\",\"url\":\"https:\/\/wp.adisoft.lt\/vtdko\/wp-content\/uploads\/2020\/02\/Logo-su-tekstu-01.svg\",\"contentUrl\":\"https:\/\/wp.adisoft.lt\/vtdko\/wp-content\/uploads\/2020\/02\/Logo-su-tekstu-01.svg\",\"width\":151,\"height\":74,\"caption\":\"vtdko\"},\"image\":{\"@id\":\"https:\/\/wp.adisoft.lt\/vtdko\/#\/schema\/logo\/image\/\"}}]}<\/script>\n<!-- \/ Yoast SEO plugin. -->","yoast_head_json":{"title":"Karjeros centras studentams - vtdko","robots":{"index":"noindex","follow":"follow","max-snippet":"max-snippet:-1","max-image-preview":"max-image-preview:large","max-video-preview":"max-video-preview:-1"},"og_locale":"lt_LT","og_type":"article","og_title":"Karjeros centras studentams - vtdko","og_description":"Vilniaus technologij\u0173 ir dizaino kolegija \u2013 \u010dia hobis virsta profesija! Lotyn\u0173 kalboje \u017eodis karjera (lot. Carraria) rei\u0161kia \u017emogaus gyvenimo kelias. \u017dmogaus pasirinkimas, k\u0105 mokintis, kokiais papildomais dalykais u\u017esiimti, kaip planuoti savo karjer\u0105, yra labai svarbus. Nuolat besikei\u010dian\u010diame pasaulyje kinta darbo vietos pob\u016bdis, profesij\u0173 paklausa. Konkurencija tarp potenciali\u0173 darbuotoj\u0173 vis did\u0117ja, tod\u0117l tas, kuris planuos kiekvien\u0105...","og_url":"https:\/\/wp.adisoft.lt\/vtdko\/visuomenei\/karjeros-centras\/studentams\/","og_site_name":"vtdko","article_modified_time":"2022-12-16T19:37:46+00:00","twitter_card":"summary_large_image","twitter_misc":{"Est. reading time":"1 minut\u0117"},"schema":{"@context":"https:\/\/schema.org","@graph":[{"@type":"WebPage","@id":"https:\/\/wp.adisoft.lt\/vtdko\/visuomenei\/karjeros-centras\/studentams\/","url":"https:\/\/wp.adisoft.lt\/vtdko\/visuomenei\/karjeros-centras\/studentams\/","name":"Karjeros centras studentams - vtdko","isPartOf":{"@id":"https:\/\/wp.adisoft.lt\/vtdko\/#website"},"datePublished":"2022-10-24T10:41:24+00:00","dateModified":"2022-12-16T19:37:46+00:00","breadcrumb":{"@id":"https:\/\/wp.adisoft.lt\/vtdko\/visuomenei\/karjeros-centras\/studentams\/#breadcrumb"},"inLanguage":"lt-LT","potentialAction":[{"@type":"ReadAction","target":["https:\/\/wp.adisoft.lt\/vtdko\/visuomenei\/karjeros-centras\/studentams\/"]}]},{"@type":"BreadcrumbList","@id":"https:\/\/wp.adisoft.lt\/vtdko\/visuomenei\/karjeros-centras\/studentams\/#breadcrumb","itemListElement":[{"@type":"ListItem","position":1,"name":"Pagrindinis","item":"https:\/\/wp.adisoft.lt\/vtdko\/"},{"@type":"ListItem","position":2,"name":"Visuomenei","item":"https:\/\/wp.adisoft.lt\/vtdko\/visuomenei\/"},{"@type":"ListItem","position":3,"name":"Karjeros centras","item":"https:\/\/wp.adisoft.lt\/vtdko\/visuomenei\/karjeros-centras\/"},{"@type":"ListItem","position":4,"name":"Karjeros centras studentams"}]},{"@type":"WebSite","@id":"https:\/\/wp.adisoft.lt\/vtdko\/#website","url":"https:\/\/wp.adisoft.lt\/vtdko\/","name":"vtdko","description":"Vilniaus technologij\u0173 ir dizaino kolegija","publisher":{"@id":"https:\/\/wp.adisoft.lt\/vtdko\/#organization"},"potentialAction":[{"@type":"SearchAction","target":{"@type":"EntryPoint","urlTemplate":"https:\/\/wp.adisoft.lt\/vtdko\/?s={search_term_string}"},"query-input":"required name=search_term_string"}],"inLanguage":"lt-LT"},{"@type":"Organization","@id":"https:\/\/wp.adisoft.lt\/vtdko\/#organization","name":"vtdko","url":"https:\/\/wp.adisoft.lt\/vtdko\/","logo":{"@type":"ImageObject","inLanguage":"lt-LT","@id":"https:\/\/wp.adisoft.lt\/vtdko\/#\/schema\/logo\/image\/","url":"https:\/\/wp.adisoft.lt\/vtdko\/wp-content\/uploads\/2020\/02\/Logo-su-tekstu-01.svg","contentUrl":"https:\/\/wp.adisoft.lt\/vtdko\/wp-content\/uploads\/2020\/02\/Logo-su-tekstu-01.svg","width":151,"height":74,"caption":"vtdko"},"image":{"@id":"https:\/\/wp.adisoft.lt\/vtdko\/#\/schema\/logo\/image\/"}}]}},"_links":{"self":[{"href":"https:\/\/wp.adisoft.lt\/vtdko\/wp-json\/wp\/v2\/pages\/990550","targetHints":{"allow":["GET"]}}],"collection":[{"href":"https:\/\/wp.adisoft.lt\/vtdko\/wp-json\/wp\/v2\/pages"}],"about":[{"href":"https:\/\/wp.adisoft.lt\/vtdko\/wp-json\/wp\/v2\/types\/page"}],"author":[{"embeddable":true,"href":"https:\/\/wp.adisoft.lt\/vtdko\/wp-json\/wp\/v2\/users\/1"}],"replies":[{"embeddable":true,"href":"https:\/\/wp.adisoft.lt\/vtdko\/wp-json\/wp\/v2\/comments?post=990550"}],"version-history":[{"count":16,"href":"https:\/\/wp.adisoft.lt\/vtdko\/wp-json\/wp\/v2\/pages\/990550\/revisions"}],"predecessor-version":[{"id":993368,"href":"https:\/\/wp.adisoft.lt\/vtdko\/wp-json\/wp\/v2\/pages\/990550\/revisions\/993368"}],"up":[{"embeddable":true,"href":"https:\/\/wp.adisoft.lt\/vtdko\/wp-json\/wp\/v2\/pages\/990545"}],"wp:attachment":[{"href":"https:\/\/wp.adisoft.lt\/vtdko\/wp-json\/wp\/v2\/media?parent=990550"}],"curies":[{"name":"wp","href":"https:\/\/api.w.org\/{rel}","templated":true}]}}